CRAN Package Check Results for Package ggsn

Last updated on 2016-10-25 23:47:37.

Flavor Version Tinstall Tcheck Ttotal Status Flags
r-devel-linux-x86_64-debian-clang 0.3.1 1.39 28.28 29.67 OK
r-devel-linux-x86_64-debian-gcc 0.3.1 1.42 27.23 28.66 OK
r-devel-linux-x86_64-fedora-clang 0.3.1 55.75 OK
r-devel-linux-x86_64-fedora-gcc 0.3.1 53.57 OK
r-devel-windows-ix86+x86_64 0.3.1 10.00 69.00 79.00 OK
r-patched-linux-x86_64 0.3.1 1.52 27.06 28.58 OK
r-patched-solaris-sparc 0.3.1 310.00 OK
r-patched-solaris-x86 0.3.1 68.30 OK
r-release-linux-x86_64 0.3.1 1.35 26.37 27.72 OK
r-release-osx-x86_64-mavericks 0.3.1 ERROR
r-release-windows-ix86+x86_64 0.3.1 5.00 52.00 57.00 OK
r-oldrel-windows-ix86+x86_64 0.3.0 10.00 67.00 77.00 OK

Check Details

Version: 0.3.1
Check: whether package can be installed
Result: ERROR
    Installation failed.
Flavor: r-release-osx-x86_64-mavericks