CRAN Package Check Results for Package ggswissmaps

Last updated on 2016-10-25 23:47:37.

Flavor Version Tinstall Tcheck Ttotal Status Flags
r-devel-linux-x86_64-debian-clang 0.0.9 3.14 22.06 25.20 OK
r-devel-linux-x86_64-debian-gcc 0.0.9 3.26 21.92 25.19 OK
r-devel-linux-x86_64-fedora-clang 0.0.9 46.96 OK
r-devel-linux-x86_64-fedora-gcc 0.0.9 45.51 OK
r-devel-windows-ix86+x86_64 0.0.9 11.00 53.00 64.00 OK
r-patched-linux-x86_64 0.0.9 3.28 22.66 25.94 OK
r-patched-solaris-sparc 0.0.9 282.40 NOTE
r-patched-solaris-x86 0.0.9 63.00 NOTE
r-release-linux-x86_64 0.0.9 3.22 20.91 24.12 OK
r-release-osx-x86_64-mavericks 0.0.9 OK
r-release-windows-ix86+x86_64 0.0.9 7.00 44.00 51.00 OK
r-oldrel-windows-ix86+x86_64 0.0.9 11.00 57.00 68.00 OK

Check Details

Version: 0.0.9
Check: installed package size
Result: NOTE
     installed size is 5.0Mb
     sub-directories of 1Mb or more:
     R 3.3Mb
     data 1.6Mb
Flavors: r-patched-solaris-sparc, r-patched-solaris-x86