CRAN Package Check Results for Package gmwm

Last updated on 2016-10-25 23:47:38.

Flavor Version Tinstall Tcheck Ttotal Status Flags
r-devel-linux-x86_64-debian-clang 2.0.0 189.20 131.91 321.10 NOTE
r-devel-linux-x86_64-debian-gcc 2.0.0 208.24 135.72 343.96 NOTE
r-devel-linux-x86_64-fedora-clang 2.0.0 596.40 NOTE
r-devel-linux-x86_64-fedora-gcc 2.0.0 598.79 NOTE
r-devel-windows-ix86+x86_64 2.0.0 754.00 164.00 918.00 OK
r-patched-linux-x86_64 2.0.0 167.11 138.91 306.02 NOTE
r-patched-solaris-sparc 2.0.0 205.70 ERROR
r-patched-solaris-x86 2.0.0 37.00 ERROR
r-release-linux-x86_64 2.0.0 165.98 128.71 294.69 NOTE
r-release-osx-x86_64-mavericks 2.0.0 NOTE
r-release-windows-ix86+x86_64 2.0.0 602.00 136.00 738.00 OK
r-oldrel-windows-ix86+x86_64 2.0.0 667.00 203.00 870.00 OK

Check Details

Version: 2.0.0
Check: package dependencies
Result: NOTE
    Package suggested but not available for checking: ‘imudata’
Flavors: r-devel-linux-x86_64-debian-clang, r-devel-linux-x86_64-debian-gcc, r-devel-linux-x86_64-fedora-clang, r-devel-linux-x86_64-fedora-gcc, r-devel-macos-x86_64-clang, r-patched-linux-x86_64, r-patched-solaris-sparc, r-patched-solaris-x86, r-release-linux-x86_64, r-release-osx-x86_64-mavericks

Version: 2.0.0
Check: installed package size
Result: NOTE
     installed size is 14.6Mb
     sub-directories of 1Mb or more:
     libs 13.4Mb
Flavors: r-devel-linux-x86_64-debian-clang, r-devel-linux-x86_64-debian-gcc, r-devel-linux-x86_64-fedora-clang, r-devel-linux-x86_64-fedora-gcc, r-patched-linux-x86_64, r-release-linux-x86_64, r-release-osx-x86_64-mavericks

Version: 2.0.0
Check: whether package can be installed
Result: ERROR
    Installation failed.
Flavors: r-patched-solaris-sparc, r-patched-solaris-x86