Last updated on 2016-10-25 23:47:38.
Flavor | Version | Tinstall | Tcheck | Ttotal | Status | Flags |
---|---|---|---|---|---|---|
r-devel-linux-x86_64-debian-clang | 0.56 | 3.59 | 61.45 | 65.04 | NOTE | |
r-devel-linux-x86_64-debian-gcc | 0.56 | 3.58 | 59.67 | 63.25 | NOTE | |
r-devel-linux-x86_64-fedora-clang | 0.56 | 145.05 | NOTE | |||
r-devel-linux-x86_64-fedora-gcc | 0.56 | 137.27 | NOTE | |||
r-devel-windows-ix86+x86_64 | 0.56 | 17.00 | 129.00 | 146.00 | NOTE | |
r-patched-linux-x86_64 | 0.56 | 3.59 | 61.16 | 64.75 | NOTE | |
r-patched-solaris-sparc | 0.56 | 746.10 | NOTE | |||
r-patched-solaris-x86 | 0.56 | 157.80 | NOTE | |||
r-release-linux-x86_64 | 0.56 | 3.51 | 60.70 | 64.21 | NOTE | |
r-release-osx-x86_64-mavericks | 0.56 | NOTE | ||||
r-release-windows-ix86+x86_64 | 0.56 | 10.00 | 135.00 | 145.00 | NOTE | |
r-oldrel-windows-ix86+x86_64 | 0.56 | 15.00 | 129.00 | 144.00 | OK |
Version: 0.56
Check: R code for possible problems
Result: NOTE
accTrainTest: no visible global function definition for ‘rnorm’
accTrainTest: no visible global function definition for ‘predict’
aovFbyrow: no visible global function definition for ‘rnorm’
aovFbyrow: no visible global function definition for ‘model.matrix’
cvdisc: no visible global function definition for ‘predict’
cvscores: no visible global function definition for ‘predict’
defectiveCVdisc: no visible global function definition for ‘predict’
defectiveCVdisc: no visible binding for global variable ‘df’
pcp: no visible binding for global variable ‘USArrests’
pcp: no visible binding for global variable ‘sd’
plotTrainTest: no visible global function definition for ‘par’
plotTrainTest: no visible global function definition for ‘predict’
plotTrainTest: no visible global function definition for ‘mtext’
qqthin: no visible global function definition for ‘plot’
qqthin: no visible global function definition for ‘mtext’
qqthin: no visible global function definition for ‘par’
qqthin: no visible global function definition for ‘lines’
qqthin: no visible global function definition for ‘smooth.spline’
qqthin: no visible global function definition for ‘abline’
scoreplot: no visible global function definition for ‘par’
scoreplot: no visible global function definition for ‘mtext’
scoreplot: no visible global function definition for ‘legend’
scoreplot: no visible global function definition for ‘text’
simulateScores: no visible global function definition for ‘rnorm’
simulateScores: no visible global function definition for ‘predict’
Undefined global functions or variables:
USArrests abline df legend lines model.matrix mtext par plot predict
rnorm sd smooth.spline text
Consider adding
importFrom("datasets", "USArrests")
importFrom("graphics", "abline", "legend", "lines", "mtext", "par",
"plot", "text")
importFrom("stats", "df", "model.matrix", "predict", "rnorm", "sd",
"smooth.spline")
to your NAMESPACE file.
Flavors: r-devel-linux-x86_64-debian-clang, r-devel-linux-x86_64-debian-gcc, r-devel-linux-x86_64-fedora-clang, r-devel-linux-x86_64-fedora-gcc, r-devel-macos-x86_64-clang, r-devel-windows-ix86+x86_64, r-patched-linux-x86_64, r-patched-solaris-sparc, r-patched-solaris-x86, r-release-linux-x86_64, r-release-osx-x86_64-mavericks, r-release-windows-ix86+x86_64