CRAN Package Check Results for Package hunspell

Last updated on 2016-10-25 23:47:39.

Flavor Version Tinstall Tcheck Ttotal Status Flags
r-devel-linux-x86_64-debian-clang 2.1 33.22 30.74 63.96 NOTE
r-devel-linux-x86_64-debian-gcc 2.1 36.61 36.77 73.38 NOTE
r-devel-linux-x86_64-fedora-clang 2.1 120.74 NOTE
r-devel-linux-x86_64-fedora-gcc 2.1 115.76 NOTE
r-devel-windows-ix86+x86_64 2.1 143.00 102.00 245.00 OK
r-patched-linux-x86_64 2.1 30.61 35.47 66.08 NOTE
r-patched-solaris-sparc 2.1 570.90 WARN
r-patched-solaris-x86 2.1 118.60 WARN
r-release-linux-x86_64 2.1 30.60 37.11 67.71 NOTE
r-release-osx-x86_64-mavericks 2.1 WARN
r-release-windows-ix86+x86_64 2.1 121.00 119.00 240.00 OK
r-oldrel-windows-ix86+x86_64 2.1 118.00 120.00 238.00 NOTE

Check Details

Version: 2.1
Check: installed package size
Result: NOTE
     installed size is 6.6Mb
     sub-directories of 1Mb or more:
     dict 1.3Mb
     doc 1.1Mb
     libs 4.1Mb
Flavors: r-devel-linux-x86_64-debian-clang, r-devel-linux-x86_64-debian-gcc, r-devel-linux-x86_64-fedora-clang, r-devel-linux-x86_64-fedora-gcc, r-patched-linux-x86_64, r-release-linux-x86_64, r-release-osx-x86_64-mavericks

Version: 2.1
Check: package dependencies
Result: NOTE
    Package suggested but not available for checking: ‘pdftools’
Flavors: r-patched-solaris-sparc, r-patched-solaris-x86

Version: 2.1
Check: re-building of vignette outputs
Result: WARN
    Error in re-building vignettes:
     ...
    Warning: It seems you should call rmarkdown::render() instead of knitr::knit2html() because intro.Rmd appears to be an R Markdown v2 document.
    trying URL 'https://arxiv.org/e-print/1406.4806v1'
    Content type 'application/x-eprint-tar' length 29273 bytes (28 KB)
    ==================================================
    downloaded 28 KB
    
    Quitting from lines 79-82 (intro.Rmd)
    Error: processing vignette 'intro.Rmd' failed with diagnostics:
    there is no package called 'pdftools'
    Execution halted
Flavors: r-patched-solaris-sparc, r-patched-solaris-x86

Version: 2.1
Check: re-building of vignette outputs
Result: WARN
    Error in re-building vignettes:
     ...
    Warning: It seems you should call rmarkdown::render() instead of knitr::knit2html() because intro.Rmd appears to be an R Markdown v2 document.
    trying URL 'https://arxiv.org/e-print/1406.4806v1'
    Content type 'unknown' length 29273 bytes (28 KB)
    ==================================================
    downloaded 28 KB
    
    Quitting from lines 162-165 (intro.Rmd)
    Error: processing vignette 'intro.Rmd' failed with diagnostics:
    cannot open the connection
    Execution halted
Flavor: r-release-osx-x86_64-mavericks

Version: 2.1
Check: re-building of vignette outputs
Result: NOTE
    Error in re-building vignettes:
     ...
    trying URL 'https://arxiv.org/e-print/1406.4806v1'
    Content type 'application/x-eprint-tar' length 29273 bytes (28 KB)
    ==================================================
    downloaded 28 KB
    
    Quitting from lines 153-159 (intro.Rmd)
    Error: processing vignette 'intro.Rmd' failed with diagnostics:
    replacement has 0 rows, data has 4973
    Execution halted
Flavor: r-oldrel-windows-ix86+x86_64