Last updated on 2016-10-25 23:47:39.
Flavor | Version | Tinstall | Tcheck | Ttotal | Status | Flags |
---|---|---|---|---|---|---|
r-devel-linux-x86_64-debian-clang | 0.6.1 | 0.97 | 13.27 | 14.25 | OK | |
r-devel-linux-x86_64-debian-gcc | 0.6.1 | 0.99 | 13.07 | 14.06 | OK | |
r-devel-linux-x86_64-fedora-clang | 0.6.1 | 22.73 | NOTE | |||
r-devel-linux-x86_64-fedora-gcc | 0.6.1 | 21.96 | NOTE | |||
r-devel-windows-ix86+x86_64 | 0.6.1 | 9.00 | 45.00 | 54.00 | OK | |
r-patched-linux-x86_64 | 0.6.1 | 0.86 | 11.88 | 12.74 | OK | |
r-patched-solaris-sparc | 0.6.1 | 131.30 | NOTE | |||
r-patched-solaris-x86 | 0.6.1 | 29.90 | NOTE | |||
r-release-linux-x86_64 | 0.6.1 | 0.96 | 12.18 | 13.14 | OK | |
r-release-osx-x86_64-mavericks | 0.6.1 | NOTE | ||||
r-release-windows-ix86+x86_64 | 0.6.1 | 4.00 | 33.00 | 37.00 | OK | |
r-oldrel-windows-ix86+x86_64 | 0.6.1 | 7.00 | 52.00 | 59.00 | NOTE |
Version: 0.6.1
Check: data for non-ASCII characters
Result: NOTE
Note: found 1 marked UTF-8 string
Flavors: r-devel-linux-x86_64-fedora-clang, r-devel-linux-x86_64-fedora-gcc, r-devel-macos-x86_64-clang, r-patched-solaris-sparc, r-patched-solaris-x86, r-release-osx-x86_64-mavericks, r-oldrel-windows-ix86+x86_64