CRAN Package Check Results for Package imPois

Last updated on 2016-10-25 23:47:39.

Flavor Version Tinstall Tcheck Ttotal Status Flags
r-devel-linux-x86_64-debian-clang 0.0.7.5 0.59 11.71 12.30 OK
r-devel-linux-x86_64-debian-gcc 0.0.7.5 0.68 11.79 12.47 OK
r-devel-linux-x86_64-fedora-clang 0.0.7.5 20.96 OK
r-devel-linux-x86_64-fedora-gcc 0.0.7.5 19.80 OK
r-devel-windows-ix86+x86_64 0.0.7.5 4.00 38.00 42.00 OK
r-patched-linux-x86_64 0.0.7.5 0.64 10.71 11.35 OK
r-patched-solaris-sparc 0.0.7.5 117.20 OK
r-patched-solaris-x86 0.0.7.5 27.10 OK
r-release-linux-x86_64 0.0.7.5 0.68 11.05 11.73 OK
r-release-osx-x86_64-mavericks 0.0.7.5 NOTE
r-release-windows-ix86+x86_64 0.0.7.5 2.00 42.00 44.00 OK
r-oldrel-windows-ix86+x86_64 0.0.7.5 4.00 42.00 46.00 OK

Check Details

Version: 0.0.7.5
Check: dependencies in R code
Result: NOTE
    Invalid MIT-MAGIC-COOKIE-1 key
Flavor: r-release-osx-x86_64-mavericks