CRAN Package Check Results for Package intergraph

Last updated on 2016-10-25 23:47:40.

Flavor Version Tinstall Tcheck Ttotal Status Flags
r-devel-linux-x86_64-debian-clang 2.0-2 0.78 13.65 14.43 WARN
r-devel-linux-x86_64-debian-gcc 2.0-2 0.73 13.75 14.47 WARN
r-devel-linux-x86_64-fedora-clang 2.0-2 25.24 WARN
r-devel-linux-x86_64-fedora-gcc 2.0-2 24.31 WARN
r-devel-windows-ix86+x86_64 2.0-2 8.00 45.00 53.00 WARN
r-patched-linux-x86_64 2.0-2 0.76 12.39 13.15 OK
r-patched-solaris-sparc 2.0-2 148.10 OK
r-patched-solaris-x86 2.0-2 33.00 OK
r-release-linux-x86_64 2.0-2 0.94 12.80 13.75 OK
r-release-osx-x86_64-mavericks 2.0-2 OK
r-release-windows-ix86+x86_64 2.0-2 3.00 49.00 52.00 OK
r-oldrel-windows-ix86+x86_64 2.0-2 8.00 38.00 46.00 OK

Check Details

Version: 2.0-2
Check: files in ‘vignettes’
Result: WARN
    Files in the 'vignettes' directory newer than all files in 'inst/doc':
     ‘howto.Rmd’
Flavors: r-devel-linux-x86_64-debian-clang, r-devel-linux-x86_64-debian-gcc, r-devel-linux-x86_64-fedora-clang, r-devel-linux-x86_64-fedora-gcc, r-devel-macos-x86_64-clang, r-devel-windows-ix86+x86_64