CRAN Package Check Results for Package internetarchive

Last updated on 2016-10-25 23:47:40.

Flavor Version Tinstall Tcheck Ttotal Status Flags
r-devel-linux-x86_64-debian-clang 0.1.5 1.18 32.74 33.91 ERROR
r-devel-linux-x86_64-debian-gcc 0.1.5 1.32 31.19 32.52 ERROR
r-devel-linux-x86_64-fedora-clang 0.1.5 36.38 ERROR
r-devel-linux-x86_64-fedora-gcc 0.1.5 35.42 ERROR
r-devel-windows-ix86+x86_64 0.1.5 7.00 69.00 76.00 ERROR
r-patched-linux-x86_64 0.1.5 1.25 30.14 31.39 ERROR
r-patched-solaris-sparc 0.1.5 201.20 OK
r-patched-solaris-x86 0.1.5 44.80 ERROR
r-release-linux-x86_64 0.1.5 1.21 32.52 33.73 ERROR
r-release-osx-x86_64-mavericks 0.1.5 OK
r-release-windows-ix86+x86_64 0.1.5 4.00 72.00 76.00 ERROR
r-oldrel-windows-ix86+x86_64 0.1.5 8.00 64.00 72.00 ERROR

Check Details

Version: 0.1.5
Check: tests
Result: ERROR
    Running the tests in ‘tests/testthat.R’ failed.
    Last 13 lines of output:
     > test_check("internetarchive")
     1. Failure: ia_metadata() returns a data frame (@test-files-download.R#30) -----
     `meta` not equal to reference from `hecker_meta.rds`.
     Different number of rows
    
    
     testthat results ================================================================
     OK: 21 SKIPPED: 0 FAILED: 1
     1. Failure: ia_metadata() returns a data frame (@test-files-download.R#30)
    
     Error: testthat unit tests failed
     In addition: Warning messages:
     1: `rbind_all()` is deprecated. Please use `bind_rows()` instead.
     2: `rbind_all()` is deprecated. Please use `bind_rows()` instead.
     Execution halted
Flavors: r-devel-linux-x86_64-debian-clang, r-devel-linux-x86_64-debian-gcc, r-devel-linux-x86_64-fedora-clang, r-devel-linux-x86_64-fedora-gcc, r-devel-macos-x86_64-clang, r-devel-windows-ix86+x86_64

Version: 0.1.5
Check: tests
Result: ERROR
    Running the tests in ‘tests/testthat.R’ failed.
    Last 13 lines of output:
     `meta` not equal to reference from `hecker_meta.rds`.
     Different number of rows
    
    
     testthat results ================================================================
     OK: 21 SKIPPED: 0 FAILED: 1
     1. Failure: ia_metadata() returns a data frame (@test-files-download.R#30)
    
     Error: testthat unit tests failed
     In addition: Warning messages:
     1: `rbind_all()` is deprecated. Please use `bind_rows()` instead.
     2: `rbind_all()` is deprecated. Please use `bind_rows()` instead.
     Execution halted
Flavors: r-patched-linux-x86_64, r-patched-solaris-x86, r-release-linux-x86_64, r-release-windows-ix86+x86_64, r-oldrel-windows-ix86+x86_64