CRAN Package Check Results for Package ips

Last updated on 2016-10-25 23:47:40.

Flavor Version Tinstall Tcheck Ttotal Status Flags
r-devel-linux-x86_64-debian-clang 0.0-7 1.47 24.52 25.98 NOTE
r-devel-linux-x86_64-debian-gcc 0.0-7 1.63 24.29 25.92 NOTE
r-devel-linux-x86_64-fedora-clang 0.0-7 46.46 NOTE
r-devel-linux-x86_64-fedora-gcc 0.0-7 45.14 NOTE
r-devel-windows-ix86+x86_64 0.0-7 7.00 61.00 68.00 NOTE
r-patched-linux-x86_64 0.0-7 1.58 23.41 24.99 NOTE
r-patched-solaris-sparc 0.0-7 270.50 NOTE
r-patched-solaris-x86 0.0-7 55.80 NOTE
r-release-linux-x86_64 0.0-7 1.36 23.25 24.61 NOTE
r-release-osx-x86_64-mavericks 0.0-7 NOTE
r-release-windows-ix86+x86_64 0.0-7 5.00 70.00 75.00 NOTE
r-oldrel-windows-ix86+x86_64 0.0-7 8.00 61.00 69.00 OK

Check Details

Version: 0.0-7
Check: R code for possible problems
Result: NOTE
    code.simple.gaps: no visible global function definition for ‘tail’
    multistateMCMC: no visible global function definition for ‘write.table’
    multistateMCMC: no visible global function definition for ‘read.table’
    multistateMCMC: no visible global function definition for ‘tail’
    multistateML: no visible global function definition for ‘tail’
    multistateML: no visible global function definition for ‘write.table’
    multistateML: no visible global function definition for ‘read.table’
    phylo2mafft: no visible global function definition for ‘write.table’
    read.beast : foo: no visible global function definition for ‘head’
    read.beast: no visible global function definition for ‘tail’
    read.starbeast: no visible global function definition for ‘head’
    trimEnds : replaceWithN : getIndex: no visible global function
     definition for ‘head’
    unresolve.clade: no visible global function definition for ‘tail’
    unresolve.clade: no visible global function definition for ‘head’
    write.fas: no visible global function definition for ‘tail’
    Undefined global functions or variables:
     head read.table tail write.table
    Consider adding
     importFrom("utils", "head", "read.table", "tail", "write.table")
    to your NAMESPACE file.
Flavors: r-devel-linux-x86_64-debian-clang, r-devel-linux-x86_64-debian-gcc, r-devel-linux-x86_64-fedora-clang, r-devel-linux-x86_64-fedora-gcc, r-devel-macos-x86_64-clang, r-devel-windows-ix86+x86_64, r-patched-linux-x86_64, r-patched-solaris-sparc, r-patched-solaris-x86, r-release-linux-x86_64, r-release-osx-x86_64-mavericks, r-release-windows-ix86+x86_64