CRAN Package Check Results for Package irace

Last updated on 2016-10-25 23:47:40.

Flavor Version Tinstall Tcheck Ttotal Status Flags
r-devel-linux-x86_64-debian-clang 2.1 3.61 31.42 35.04 OK
r-devel-linux-x86_64-debian-gcc 2.1 3.56 31.44 35.00 OK
r-devel-linux-x86_64-fedora-clang 2.1 63.75 OK
r-devel-linux-x86_64-fedora-gcc 2.1 61.32 OK
r-devel-windows-ix86+x86_64 2.1 12.00 77.00 89.00 OK
r-patched-linux-x86_64 2.1 2.79 29.76 32.55 OK
r-patched-solaris-sparc 2.1 344.10 OK
r-patched-solaris-x86 2.1 63.80 OK
r-release-linux-x86_64 2.1 3.07 29.80 32.88 OK
r-release-osx-x86_64-mavericks 2.1 NOTE
r-release-windows-ix86+x86_64 2.1 8.00 82.00 90.00 OK
r-oldrel-windows-ix86+x86_64 2.1 11.00 70.00 81.00 OK

Check Details

Version: 2.1
Check: package dependencies
Result: NOTE
    Package suggested but not available for checking: ‘Rmpi’
Flavor: r-release-osx-x86_64-mavericks