Last updated on 2016-10-25 23:47:40.
Flavor | Version | Tinstall | Tcheck | Ttotal | Status | Flags |
---|---|---|---|---|---|---|
r-devel-linux-x86_64-debian-clang | 0.3.0 | 12.45 | 14.31 | 26.75 | NOTE | |
r-devel-linux-x86_64-debian-gcc | 0.3.0 | 12.15 | 14.43 | 26.59 | NOTE | |
r-devel-linux-x86_64-fedora-clang | 0.3.0 | 51.31 | NOTE | |||
r-devel-linux-x86_64-fedora-gcc | 0.3.0 | 48.70 | NOTE | |||
r-devel-windows-ix86+x86_64 | 0.3.0 | 61.00 | 50.00 | 111.00 | NOTE | |
r-patched-linux-x86_64 | 0.3.0 | 10.86 | 13.65 | 24.50 | NOTE | |
r-patched-solaris-sparc | 0.3.0 | 257.00 | NOTE | |||
r-patched-solaris-x86 | 0.3.0 | 53.00 | NOTE | |||
r-release-linux-x86_64 | 0.3.0 | 10.47 | 13.26 | 23.73 | NOTE | |
r-release-osx-x86_64-mavericks | 0.3.0 | NOTE | ||||
r-release-windows-ix86+x86_64 | 0.3.0 | 45.00 | 54.00 | 99.00 | NOTE | |
r-oldrel-windows-ix86+x86_64 | 0.3.0 | 62.00 | 53.00 | 115.00 | NOTE |
Version: 0.3.0
Check: for GNU extensions in Makefiles
Result: NOTE
GNU make is a SystemRequirements.
Flavors: r-devel-linux-x86_64-debian-clang, r-devel-linux-x86_64-debian-gcc, r-devel-linux-x86_64-fedora-clang, r-devel-linux-x86_64-fedora-gcc, r-devel-macos-x86_64-clang, r-devel-windows-ix86+x86_64, r-patched-linux-x86_64, r-patched-solaris-sparc, r-patched-solaris-x86, r-release-linux-x86_64, r-release-osx-x86_64-mavericks, r-release-windows-ix86+x86_64, r-oldrel-windows-ix86+x86_64