Last updated on 2016-10-25 23:47:40.
Flavor | Version | Tinstall | Tcheck | Ttotal | Status | Flags |
---|---|---|---|---|---|---|
r-devel-linux-x86_64-debian-clang | 1.0 | 0.55 | 9.97 | 10.53 | NOTE | |
r-devel-linux-x86_64-debian-gcc | 1.0 | 0.60 | 9.69 | 10.29 | NOTE | |
r-devel-linux-x86_64-fedora-clang | 1.0 | 17.72 | NOTE | |||
r-devel-linux-x86_64-fedora-gcc | 1.0 | 16.85 | NOTE | |||
r-devel-windows-ix86+x86_64 | 1.0 | 4.00 | 28.00 | 32.00 | NOTE | |
r-patched-linux-x86_64 | 1.0 | 0.55 | 9.03 | 9.58 | NOTE | |
r-patched-solaris-sparc | 1.0 | 92.60 | NOTE | |||
r-patched-solaris-x86 | 1.0 | 22.00 | NOTE | |||
r-release-linux-x86_64 | 1.0 | 0.49 | 9.23 | 9.72 | NOTE | |
r-release-osx-x86_64-mavericks | 1.0 | NOTE | ||||
r-release-windows-ix86+x86_64 | 1.0 | 2.00 | 24.00 | 26.00 | NOTE | |
r-oldrel-windows-ix86+x86_64 | 1.0 | 2.00 | 21.00 | 23.00 | OK |
Version: 1.0
Check: R code for possible problems
Result: NOTE
hausman: no visible global function definition for ‘pchisq’
ivbe: no visible global function definition for ‘cor’
ivbe: no visible global function definition for ‘pt’
ivfixed: no visible global function definition for ‘cor’
ivfixed: no visible global function definition for ‘pt’
ivpan.formula: no visible global function definition for ‘model.matrix’
ivpan.formula: no visible global function definition for
‘model.response’
ivrandom: no visible global function definition for ‘cor’
ivrandom: no visible global function definition for ‘pt’
summary.ivpan: no visible global function definition for ‘printCoefmat’
Undefined global functions or variables:
cor model.matrix model.response pchisq printCoefmat pt
Consider adding
importFrom("stats", "cor", "model.matrix", "model.response", "pchisq",
"printCoefmat", "pt")
to your NAMESPACE file.
Flavors: r-devel-linux-x86_64-debian-clang, r-devel-linux-x86_64-debian-gcc, r-devel-linux-x86_64-fedora-clang, r-devel-linux-x86_64-fedora-gcc, r-devel-macos-x86_64-clang, r-devel-windows-ix86+x86_64, r-patched-linux-x86_64, r-patched-solaris-sparc, r-patched-solaris-x86, r-release-linux-x86_64, r-release-osx-x86_64-mavericks, r-release-windows-ix86+x86_64