Last updated on 2016-10-25 23:47:40.
Flavor | Version | Tinstall | Tcheck | Ttotal | Status | Flags |
---|---|---|---|---|---|---|
r-devel-linux-x86_64-debian-clang | 1.0.1 | 19.98 | 158.85 | 178.83 | NOTE | |
r-devel-linux-x86_64-debian-gcc | 1.0.1 | 20.54 | 155.39 | 175.93 | NOTE | |
r-devel-linux-x86_64-fedora-clang | 1.0.1 | 356.49 | NOTE | |||
r-devel-linux-x86_64-fedora-gcc | 1.0.1 | 348.38 | NOTE | |||
r-devel-windows-ix86+x86_64 | 1.0.1 | 69.00 | 545.00 | 614.00 | OK | |
r-patched-linux-x86_64 | 1.0.1 | 17.02 | 146.16 | 163.17 | NOTE | |
r-patched-solaris-sparc | 1.0.1 | 2101.80 | OK | |||
r-patched-solaris-x86 | 1.0.1 | 372.10 | OK | |||
r-release-linux-x86_64 | 1.0.1 | 16.51 | 149.59 | 166.10 | NOTE | |
r-release-osx-x86_64-mavericks | 1.0.1 | NOTE | ||||
r-release-windows-ix86+x86_64 | 1.0.1 | 57.00 | 420.00 | 477.00 | OK | |
r-oldrel-windows-ix86+x86_64 | 1.0.1 | 76.00 | 580.00 | 656.00 | OK |
Version: 1.0.1
Check: installed package size
Result: NOTE
installed size is 6.6Mb
sub-directories of 1Mb or more:
libs 6.4Mb
Flavors: r-devel-linux-x86_64-debian-clang, r-devel-linux-x86_64-debian-gcc, r-devel-linux-x86_64-fedora-clang, r-devel-linux-x86_64-fedora-gcc, r-patched-linux-x86_64, r-release-linux-x86_64, r-release-osx-x86_64-mavericks