CRAN Package Check Results for Package kml3d

Last updated on 2016-10-25 23:47:41.

Flavor Version Tinstall Tcheck Ttotal Status Flags
r-devel-linux-x86_64-debian-clang 2.4.1 3.07 30.96 34.03 ERROR
r-devel-linux-x86_64-debian-gcc 2.4.1 1.77 30.71 32.48 ERROR
r-devel-linux-x86_64-fedora-clang 2.4.1 61.47 ERROR
r-devel-linux-x86_64-fedora-gcc 2.4.1 58.48 ERROR
r-devel-windows-ix86+x86_64 2.4.1 12.00 75.00 87.00 ERROR
r-patched-linux-x86_64 2.4.1 1.84 29.46 31.30 OK
r-patched-solaris-sparc 2.4.1 262.40 OK
r-patched-solaris-x86 2.4.1 67.60 OK
r-release-linux-x86_64 2.4.1 1.72 29.37 31.09 OK
r-release-osx-x86_64-mavericks 2.4.1 WARN
r-release-windows-ix86+x86_64 2.4.1 6.00 79.00 85.00 OK
r-oldrel-windows-ix86+x86_64 2.4.1 11.00 68.00 79.00 OK

Check Details

Version: 2.4.1
Check: for unstated dependencies in ‘tests’
Result: WARN
    Warning: parse error in file ‘02_fromLongitudinalData.r’:
    invalid multibyte character in parser at line 1
    'library' or 'require' call not declared from: ‘codetools’
Flavors: r-devel-linux-x86_64-debian-clang, r-devel-linux-x86_64-debian-gcc, r-devel-linux-x86_64-fedora-clang, r-devel-linux-x86_64-fedora-gcc, r-devel-macos-x86_64-clang

Version: 2.4.1
Check: tests
Result: ERROR
    Running the tests in ‘tests/01_testDistance3d.r’ failed.
    Last 13 lines of output:
     Type 'contributors()' for more information and
     'citation()' on how to cite R or R packages in publications.
    
     Type 'demo()' for some demos, 'help()' for on-line help, or
     'help.start()' for an HTML browser interface to help.
     Type 'q()' to quit R.
    
     > source("../R/distance3d.r")
     Error in file(filename, "r", encoding = encoding) :
     cannot open the connection
     Calls: source -> file
     In addition: Warning message:
     In file(filename, "r", encoding = encoding) :
     cannot open file '../R/distance3d.r': No such file or directory
     Execution halted
Flavors: r-devel-linux-x86_64-debian-clang, r-devel-linux-x86_64-debian-gcc, r-devel-linux-x86_64-fedora-clang, r-devel-linux-x86_64-fedora-gcc, r-devel-macos-x86_64-clang, r-devel-windows-ix86+x86_64

Version: 2.4.1
Check: for unstated dependencies in ‘tests’
Result: WARN
    'library' or 'require' call not declared from: 'codetools'
Flavor: r-devel-windows-ix86+x86_64

Version: 2.4.1
Check: whether package can be installed
Result: WARN
    Found the following significant warnings:
     Warning: 'rgl_init' failed, running with rgl.useNULL = TRUE
Flavor: r-release-osx-x86_64-mavericks

Version: 2.4.1
Check: dependencies in R code
Result: NOTE
    Invalid MIT-MAGIC-COOKIE-1 key
Flavor: r-release-osx-x86_64-mavericks

Version: 2.4.1
Check: S3 generic/method consistency
Result: WARN
    Invalid MIT-MAGIC-COOKIE-1 key
    See section ‘Generic functions and methods’ in the ‘Writing R
    Extensions’ manual.
Flavor: r-release-osx-x86_64-mavericks

Version: 2.4.1
Check: replacement functions
Result: WARN
    Invalid MIT-MAGIC-COOKIE-1 key
    The argument of a replacement function which corresponds to the right
    hand side must be named ‘value’.
Flavor: r-release-osx-x86_64-mavericks

Version: 2.4.1
Check: foreign function calls
Result: NOTE
    Invalid MIT-MAGIC-COOKIE-1 key
    See chapter ‘System and foreign language interfaces’ in the ‘Writing R
    Extensions’ manual.
Flavor: r-release-osx-x86_64-mavericks

Version: 2.4.1
Check: R code for possible problems
Result: NOTE
    Invalid MIT-MAGIC-COOKIE-1 key
Flavor: r-release-osx-x86_64-mavericks

Version: 2.4.1
Check: for missing documentation entries
Result: WARN
    Invalid MIT-MAGIC-COOKIE-1 key
    All user-level objects in a package should have documentation entries.
    See chapter ‘Writing R documentation files’ in the ‘Writing R
    Extensions’ manual.
Flavor: r-release-osx-x86_64-mavericks

Version: 2.4.1
Check: for code/documentation mismatches
Result: WARN
    Invalid MIT-MAGIC-COOKIE-1 key
    Invalid MIT-MAGIC-COOKIE-1 key
    Invalid MIT-MAGIC-COOKIE-1 key
Flavor: r-release-osx-x86_64-mavericks

Version: 2.4.1
Check: Rd \usage sections
Result: NOTE
    Invalid MIT-MAGIC-COOKIE-1 key
    The \usage entries for S3 methods should use the \method markup and not
    their full name.
    See chapter ‘Writing R documentation files’ in the ‘Writing R
    Extensions’ manual.
Flavor: r-release-osx-x86_64-mavericks