Last updated on 2016-10-25 23:47:41.
Flavor | Version | Tinstall | Tcheck | Ttotal | Status | Flags |
---|---|---|---|---|---|---|
r-devel-linux-x86_64-debian-clang | 1.2.1 | 8.01 | 16.93 | 24.94 | NOTE | |
r-devel-linux-x86_64-debian-gcc | 1.2.1 | 7.37 | 16.85 | 24.21 | NOTE | |
r-devel-linux-x86_64-fedora-clang | 1.2.1 | 47.84 | NOTE | |||
r-devel-linux-x86_64-fedora-gcc | 1.2.1 | 43.75 | NOTE | |||
r-devel-windows-ix86+x86_64 | 1.2.1 | 38.00 | 60.00 | 98.00 | NOTE | |
r-patched-linux-x86_64 | 1.2.1 | 6.35 | 15.76 | 22.11 | NOTE | |
r-patched-solaris-sparc | 1.2.1 | 232.00 | NOTE | |||
r-patched-solaris-x86 | 1.2.1 | 48.30 | NOTE | |||
r-release-linux-x86_64 | 1.2.1 | 6.41 | 15.95 | 22.36 | NOTE | |
r-release-osx-x86_64-mavericks | 1.2.1 | NOTE | ||||
r-release-windows-ix86+x86_64 | 1.2.1 | 27.00 | 58.00 | 85.00 | NOTE | |
r-oldrel-windows-ix86+x86_64 | 1.2.1 | 36.00 | 68.00 | 104.00 | OK |
Version: 1.2.1
Check: R code for possible problems
Result: NOTE
lbfgs: no visible global function definition for ‘hasArg’
Undefined global functions or variables:
hasArg
Consider adding
importFrom("methods", "hasArg")
to your NAMESPACE file (and ensure that your DESCRIPTION Imports field
contains 'methods').
Flavors: r-devel-linux-x86_64-debian-clang, r-devel-linux-x86_64-debian-gcc, r-devel-linux-x86_64-fedora-clang, r-devel-linux-x86_64-fedora-gcc, r-devel-macos-x86_64-clang, r-devel-windows-ix86+x86_64, r-patched-linux-x86_64, r-patched-solaris-sparc, r-patched-solaris-x86, r-release-linux-x86_64, r-release-osx-x86_64-mavericks, r-release-windows-ix86+x86_64