CRAN Package Check Results for Package ldatuning

Last updated on 2016-10-25 23:47:41.

Flavor Version Tinstall Tcheck Ttotal Status Flags
r-devel-linux-x86_64-debian-clang 0.2.0 0.99 30.39 31.38 OK
r-devel-linux-x86_64-debian-gcc 0.1.0 1.01 46.34 47.35 WARN
r-devel-linux-x86_64-fedora-clang 0.2.0 41.56 OK
r-devel-linux-x86_64-fedora-gcc 0.2.0 22.94 OK
r-devel-windows-ix86+x86_64 0.1.0 7.00 74.00 81.00 WARN
r-patched-linux-x86_64 0.1.0 1.08 45.20 46.28 OK
r-patched-solaris-sparc 0.2.0 357.70 OK
r-patched-solaris-x86 0.2.0 69.50 OK
r-release-linux-x86_64 0.1.0 0.97 45.15 46.11 OK
r-release-osx-x86_64-mavericks 0.2.0 OK
r-release-windows-ix86+x86_64 0.2.0 6.00 61.00 67.00 OK
r-oldrel-windows-ix86+x86_64 0.2.0 5.00 60.00 65.00 OK

Check Details

Version: 0.1.0
Check: files in ‘vignettes’
Result: WARN
    Files in the 'vignettes' directory newer than all files in 'inst/doc':
     ‘topics.Rmd’
Flavors: r-devel-linux-x86_64-debian-gcc, r-devel-windows-ix86+x86_64