CRAN Package Check Results for Package lubridate

Last updated on 2016-10-25 23:47:42.

Flavor Version Tinstall Tcheck Ttotal Status Flags
r-devel-linux-x86_64-debian-clang 1.6.0 3.43 41.76 45.19 OK
r-devel-linux-x86_64-debian-gcc 1.6.0 3.69 40.84 44.53 OK
r-devel-linux-x86_64-fedora-clang 1.6.0 83.61 OK
r-devel-linux-x86_64-fedora-gcc 1.6.0 81.51 OK
r-devel-windows-ix86+x86_64 1.6.0 20.00 135.00 155.00 OK
r-patched-linux-x86_64 1.6.0 3.27 39.65 42.92 OK
r-patched-solaris-sparc 1.6.0 455.90 ERROR
r-patched-solaris-x86 1.6.0 96.30 ERROR
r-release-linux-x86_64 1.6.0 3.20 39.12 42.32 OK
r-release-osx-x86_64-mavericks 1.6.0 OK
r-release-windows-ix86+x86_64 1.6.0 13.00 166.00 179.00 OK
r-oldrel-windows-ix86+x86_64 1.6.0 21.00 139.00 160.00 OK

Check Details

Version: 1.6.0
Check: tests
Result: ERROR
    Running the tests in ‘tests/testthat.R’ failed.
    Last 13 lines of output:
     1: expect_equal(interval(t1, t2), new("Interval", 18316800, start = as.POSIXct("2007-01-01",
     tz = "UTC"), tzone = "UTC")) at testthat/test-intervals.R:86
     2: compare(object, expected, ...)
     3: interval(t1, t2)
     4: as.POSIXct(start, tz = tzone)
     5: as.POSIXct.POSIXlt(start, tz = tzone)
    
     testthat results ================================================================
     OK: 2152 SKIPPED: 0 FAILED: 1
     1. Error: interval handles POSIXlt inputs (@test-intervals.R#86)
    
     Error: testthat unit tests failed
     Execution halted
Flavors: r-patched-solaris-sparc, r-patched-solaris-x86