CRAN Package Check Results for Package manhattanly

Last updated on 2016-10-25 23:47:42.

Flavor Version Tinstall Tcheck Ttotal Status Flags
r-devel-linux-x86_64-debian-clang 0.1.0 1.97 26.37 28.34 OK
r-devel-linux-x86_64-debian-gcc 0.1.0 2.12 25.93 28.05 OK
r-devel-linux-x86_64-fedora-clang 0.1.0 51.38 OK
r-devel-linux-x86_64-fedora-gcc 0.1.0 48.91 OK
r-devel-windows-ix86+x86_64 0.1.0 11.00 77.00 88.00 OK
r-patched-linux-x86_64 0.1.0 2.09 25.28 27.37 OK
r-patched-solaris-sparc 0.1.0 247.20 OK
r-patched-solaris-x86 0.1.0 59.30 WARN
r-release-linux-x86_64 0.1.0 2.14 25.55 27.68 OK
r-release-osx-x86_64-mavericks 0.1.0 OK
r-release-windows-ix86+x86_64 0.1.0 8.00 56.00 64.00 OK
r-oldrel-windows-ix86+x86_64 0.1.0 10.00 75.00 85.00 OK

Check Details

Version: 0.1.0
Check: re-building of vignette outputs
Result: WARN
    Error in re-building vignettes:
     ...
    Warning: It seems you should call rmarkdown::render() instead of knitr::knit2html() because manhattanly.Rmd appears to be an R Markdown v2 document.
    Warning in arrange_impl(.data, dots) :
     '.Random.seed' is not an integer vector but of type 'NULL', so ignored
    Warning: 'scatter' objects don't have these attributes: 'evaluate'
    Valid attributes include:
    'type', 'visible', 'showlegend', 'legendgroup', 'opacity', 'name', 'uid', 'hoverinfo', 'stream', 'x', 'x0', 'dx', 'y', 'y0', 'dy', 'text', 'mode', 'hoveron', 'line', 'connectgaps', 'fill', 'fillcolor', 'marker', 'textposition', 'textfont', 'r', 't', 'error_y', 'error_x', 'xaxis', 'yaxis', 'xsrc', 'ysrc', 'textsrc', 'textpositionsrc', 'rsrc', 'tsrc', 'key'
    
    Warning: 'scatter' objects don't have these attributes: 'evaluate'
    Valid attributes include:
    'type', 'visible', 'showlegend', 'legendgroup', 'opacity', 'name', 'uid', 'hoverinfo', 'stream', 'x', 'x0', 'dx', 'y', 'y0', 'dy', 'text', 'mode', 'hoveron', 'line', 'connectgaps', 'fill', 'fillcolor', 'marker', 'textposition', 'textfont', 'r', 't', 'error_y', 'error_x', 'xaxis', 'yaxis', 'xsrc', 'ysrc', 'textsrc', 'textpositionsrc', 'rsrc', 'tsrc', 'key'
    
    Warning: 'scatter' objects don't have these attributes: 'evaluate'
    Valid attributes include:
    'type', 'visible', 'showlegend', 'legendgroup', 'opacity', 'name', 'uid', 'hoverinfo', 'stream', 'x', 'x0', 'dx', 'y', 'y0', 'dy', 'text', 'mode', 'hoveron', 'line', 'connectgaps', 'fill', 'fillcolor', 'marker', 'textposition', 'textfont', 'r', 't', 'error_y', 'error_x', 'xaxis', 'yaxis', 'xsrc', 'ysrc', 'textsrc', 'textpositionsrc', 'rsrc', 'tsrc', 'key'
    
    Warning: 'scatter' objects don't have these attributes: 'evaluate'
    Valid attributes include:
    'type', 'visible', 'showlegend', 'legendgroup', 'opacity', 'name', 'uid', 'hoverinfo', 'stream', 'x', 'x0', 'dx', 'y', 'y0', 'dy', 'text', 'mode', 'hoveron', 'line', 'connectgaps', 'fill', 'fillcolor', 'marker', 'textposition', 'textfont', 'r', 't', 'error_y', 'error_x', 'xaxis', 'yaxis', 'xsrc', 'ysrc', 'textsrc', 'textpositionsrc', 'rsrc', 'tsrc', 'key'
    
    PhantomJS not found. You can install it with webshot::install_phantomjs(). If it is installed, please make sure the phantomjs executable can be found via the PATH variable.
    Warning in normalizePath(f2) :
     path[1]="./webshot34384bd22f65.png": No such file or directory
    Warning in file(con, "rb") :
     cannot open file './webshot34384bd22f65.png': No such file or directory
    Quitting from lines 94-95 (manhattanly.Rmd)
    Error: processing vignette 'manhattanly.Rmd' failed with diagnostics:
    cannot open the connection
    Execution halted
Flavor: r-patched-solaris-x86