Last updated on 2016-10-25 23:47:42.
Flavor | Version | Tinstall | Tcheck | Ttotal | Status | Flags |
---|---|---|---|---|---|---|
r-devel-linux-x86_64-debian-clang | 0.51.0 | 96.18 | 77.20 | 173.38 | NOTE | |
r-devel-linux-x86_64-debian-gcc | 0.51.0 | 106.27 | 74.39 | 180.65 | NOTE | |
r-devel-linux-x86_64-fedora-clang | 0.51.0 | 334.80 | NOTE | |||
r-devel-linux-x86_64-fedora-gcc | 0.51.0 | 293.21 | NOTE | |||
r-devel-windows-ix86+x86_64 | 0.51.0 | 372.00 | 286.00 | 658.00 | NOTE | |
r-patched-linux-x86_64 | 0.51.0 | 88.86 | 68.99 | 157.85 | NOTE | |
r-patched-solaris-sparc | 0.51.0 | 1488.10 | NOTE | |||
r-patched-solaris-x86 | 0.51.0 | 783.30 | NOTE | |||
r-release-linux-x86_64 | 0.51.0 | 90.76 | 66.63 | 157.40 | NOTE | |
r-release-osx-x86_64-mavericks | 0.51.0 | NOTE | ||||
r-release-windows-ix86+x86_64 | 0.51.0 | 297.00 | 209.00 | 506.00 | NOTE | |
r-oldrel-windows-ix86+x86_64 | 0.51.0 | 334.00 | 324.00 | 658.00 | NOTE |
Version: 0.51.0
Check: installed package size
Result: NOTE
installed size is 9.2Mb
sub-directories of 1Mb or more:
libs 8.5Mb
Flavors: r-devel-linux-x86_64-debian-clang, r-devel-linux-x86_64-debian-gcc, r-devel-linux-x86_64-fedora-clang, r-devel-linux-x86_64-fedora-gcc, r-devel-windows-ix86+x86_64, r-patched-linux-x86_64, r-patched-solaris-x86, r-release-linux-x86_64, r-release-osx-x86_64-mavericks, r-release-windows-ix86+x86_64, r-oldrel-windows-ix86+x86_64
Version: 0.51.0
Check: package dependencies
Result: NOTE
Package suggested but not available for checking: ‘microbenchmark’
Flavors: r-patched-solaris-sparc, r-patched-solaris-x86