Last updated on 2016-10-25 23:47:42.
Flavor | Version | Tinstall | Tcheck | Ttotal | Status | Flags |
---|---|---|---|---|---|---|
r-devel-linux-x86_64-debian-clang | 0.42.0 | 0.59 | 12.53 | 13.12 | NOTE | |
r-devel-linux-x86_64-debian-gcc | 0.42.0 | 0.58 | 12.11 | 12.69 | NOTE | |
r-devel-linux-x86_64-fedora-clang | 0.42.0 | 22.01 | NOTE | |||
r-devel-linux-x86_64-fedora-gcc | 0.42.0 | 21.58 | NOTE | |||
r-devel-windows-ix86+x86_64 | 0.42.0 | 4.00 | 25.00 | 29.00 | NOTE | |
r-patched-linux-x86_64 | 0.42.0 | 0.56 | 11.51 | 12.07 | NOTE | |
r-patched-solaris-sparc | 0.42.0 | 129.00 | NOTE | |||
r-patched-solaris-x86 | 0.42.0 | 28.20 | NOTE | |||
r-release-linux-x86_64 | 0.42.0 | 0.58 | 11.10 | 11.67 | NOTE | |
r-release-osx-x86_64-mavericks | 0.42.0 | NOTE | ||||
r-release-windows-ix86+x86_64 | 0.42.0 | 2.00 | 27.00 | 29.00 | NOTE | |
r-oldrel-windows-ix86+x86_64 | 0.42.0 | 3.00 | 23.00 | 26.00 | OK |
Version: 0.42.0
Check: R code for possible problems
Result: NOTE
.likTerms : <anonymous>: no visible global function definition for
‘coef’
.likTerms : <anonymous>: no visible global function definition for
‘lm.wfit’
.profLik: no visible global function definition for ‘optimize’
.profLik: no visible global function definition for ‘coef’
.profLik: no visible global function definition for ‘lm.wfit’
.profLik: no visible global function definition for ‘smooth.spline’
metaLik: no visible global function definition for ‘model.response’
metaLik: no visible global function definition for ‘model.extract’
metaLik: no visible global function definition for ‘is.empty.model’
metaLik: no visible global function definition for ‘model.matrix’
metaLik: no visible global function definition for ‘model.offset’
metaLik: no visible global function definition for ‘optimize’
metaLik: no visible global function definition for ‘coef’
metaLik: no visible global function definition for ‘lm.wfit’
metaLik: no visible global function definition for ‘lm’
metaLik: no visible global function definition for ‘.getXlevels’
model.matrix.metaLik: no visible global function definition for
‘model.matrix’
model.matrix.metaLik: no visible global function definition for
‘model.frame’
print.metaLik: no visible global function definition for ‘coef’
print.metaLik: no visible global function definition for ‘vcov’
simulate.metaLik: no visible global function definition for ‘runif’
simulate.metaLik: no visible global function definition for ‘fitted’
simulate.metaLik: no visible global function definition for ‘rnorm’
summary.metaLik: no visible global function definition for ‘coef’
summary.metaLik: no visible global function definition for ‘vcov’
test.metaLik: no visible global function definition for ‘coef’
test.metaLik: no visible global function definition for ‘predict’
test.metaLik: no visible global function definition for ‘pnorm’
Undefined global functions or variables:
.getXlevels coef fitted is.empty.model lm lm.wfit model.extract
model.frame model.matrix model.offset model.response optimize pnorm
predict rnorm runif smooth.spline vcov
Consider adding
importFrom("stats", ".getXlevels", "coef", "fitted", "is.empty.model",
"lm", "lm.wfit", "model.extract", "model.frame",
"model.matrix", "model.offset", "model.response",
"optimize", "pnorm", "predict", "rnorm", "runif",
"smooth.spline", "vcov")
to your NAMESPACE file.
Flavors: r-devel-linux-x86_64-debian-clang, r-devel-linux-x86_64-debian-gcc, r-devel-linux-x86_64-fedora-clang, r-devel-linux-x86_64-fedora-gcc, r-devel-macos-x86_64-clang, r-devel-windows-ix86+x86_64, r-patched-linux-x86_64, r-patched-solaris-sparc, r-patched-solaris-x86, r-release-linux-x86_64, r-release-osx-x86_64-mavericks, r-release-windows-ix86+x86_64