Last updated on 2016-10-25 23:47:43.
Flavor | Version | Tinstall | Tcheck | Ttotal | Status | Flags |
---|---|---|---|---|---|---|
r-devel-linux-x86_64-debian-clang | 0.4.3 | 30.16 | 63.40 | 93.56 | OK | |
r-devel-linux-x86_64-debian-gcc | 0.4.3 | 31.29 | 60.25 | 91.54 | NOTE | |
r-devel-linux-x86_64-fedora-clang | 0.4.3 | 201.60 | OK | |||
r-devel-linux-x86_64-fedora-gcc | 0.4.3 | 191.41 | NOTE | |||
r-devel-windows-ix86+x86_64 | 0.4.3 | 125.00 | 173.00 | 298.00 | OK | |
r-patched-linux-x86_64 | 0.4.3 | 27.68 | 59.86 | 87.54 | NOTE | |
r-patched-solaris-sparc | 0.4.3 | 959.30 | OK | |||
r-patched-solaris-x86 | 0.4.3 | 214.10 | OK | |||
r-release-linux-x86_64 | 0.4.3 | 26.87 | 60.10 | 86.97 | NOTE | |
r-release-osx-x86_64-mavericks | 0.4.3 | OK | ||||
r-release-windows-ix86+x86_64 | 0.4.3 | 92.00 | 141.00 | 233.00 | OK | |
r-oldrel-windows-ix86+x86_64 | 0.4.3 | 112.00 | 199.00 | 311.00 | OK |
Memtest notes: clang-UBSAN
Version: 0.4.3
Check: installed package size
Result: NOTE
installed size is 5.1Mb
sub-directories of 1Mb or more:
data 2.0Mb
libs 2.5Mb
Flavors: r-devel-linux-x86_64-debian-gcc, r-devel-linux-x86_64-fedora-gcc, r-patched-linux-x86_64, r-release-linux-x86_64