CRAN Package Check Results for Package microclass

Last updated on 2016-10-25 23:47:43.

Flavor Version Tinstall Tcheck Ttotal Status Flags
r-devel-linux-x86_64-debian-clang 1.0.1 41.67 52.05 93.73 NOTE
r-devel-linux-x86_64-debian-gcc 1.0.1 42.60 49.21 91.81 NOTE
r-devel-linux-x86_64-fedora-clang 1.0.1 181.95 NOTE
r-devel-linux-x86_64-fedora-gcc 1.0.1 181.04 NOTE
r-devel-windows-ix86+x86_64 1.0.1 181.00 139.00 320.00 NOTE
r-patched-linux-x86_64 1.0.1 35.31 47.20 82.51 NOTE
r-patched-solaris-sparc 1.0.1 891.70 NOTE
r-patched-solaris-x86 1.0.1 191.80 NOTE
r-release-linux-x86_64 1.0.1 35.61 47.29 82.90 NOTE
r-release-osx-x86_64-mavericks 1.0.1 NOTE
r-release-windows-ix86+x86_64 1.0.1 130.00 154.00 284.00 NOTE
r-oldrel-windows-ix86+x86_64 1.0.1 137.00 159.00 296.00 NOTE

Check Details

Version: 1.0.1
Check: for GNU extensions in Makefiles
Result: NOTE
    GNU make is a SystemRequirements.
Flavors: r-devel-linux-x86_64-debian-clang, r-devel-linux-x86_64-debian-gcc, r-devel-linux-x86_64-fedora-clang, r-devel-linux-x86_64-fedora-gcc, r-devel-macos-x86_64-clang, r-devel-windows-ix86+x86_64, r-patched-linux-x86_64, r-patched-solaris-sparc, r-patched-solaris-x86, r-release-linux-x86_64, r-release-osx-x86_64-mavericks, r-release-windows-ix86+x86_64, r-oldrel-windows-ix86+x86_64

Version: 1.0.1
Check: installed package size
Result: NOTE
     installed size is 5.3Mb
     sub-directories of 1Mb or more:
     extdata 2.3Mb
     libs 2.9Mb
Flavors: r-devel-linux-x86_64-debian-gcc, r-devel-linux-x86_64-fedora-gcc, r-patched-linux-x86_64, r-release-linux-x86_64