Last updated on 2016-10-25 23:47:43.
Flavor | Version | Tinstall | Tcheck | Ttotal | Status | Flags |
---|---|---|---|---|---|---|
r-devel-linux-x86_64-debian-clang | 1.0.5 | 2.49 | 22.21 | 24.70 | NOTE | |
r-devel-linux-x86_64-debian-gcc | 1.0.5 | 2.86 | 21.94 | 24.80 | NOTE | |
r-devel-linux-x86_64-fedora-clang | 1.0.5 | 44.14 | NOTE | |||
r-devel-linux-x86_64-fedora-gcc | 1.0.5 | 41.89 | NOTE | |||
r-devel-windows-ix86+x86_64 | 1.0.5 | 11.00 | 49.00 | 60.00 | NOTE | |
r-patched-linux-x86_64 | 1.0.5 | 2.29 | 20.17 | 22.46 | NOTE | |
r-patched-solaris-sparc | 1.0.5 | 225.90 | NOTE | |||
r-patched-solaris-x86 | 1.0.5 | 44.20 | NOTE | |||
r-release-linux-x86_64 | 1.0.5 | 2.28 | 20.29 | 22.58 | NOTE | |
r-release-osx-x86_64-mavericks | 1.0.5 | NOTE | ||||
r-release-windows-ix86+x86_64 | 1.0.5 | 6.00 | 50.00 | 56.00 | NOTE | |
r-oldrel-windows-ix86+x86_64 | 1.0.5 | 9.00 | 49.00 | 58.00 | OK |
Version: 1.0.5
Check: R code for possible problems
Result: NOTE
micromapST : rlStateBoxplot: no visible global function definition for
‘segments’
micromapST: no visible global function definition for ‘adjustcolor’
Undefined global functions or variables:
adjustcolor segments
Consider adding
importFrom("grDevices", "adjustcolor")
importFrom("graphics", "segments")
to your NAMESPACE file.
Flavors: r-devel-linux-x86_64-debian-clang, r-devel-linux-x86_64-debian-gcc, r-devel-linux-x86_64-fedora-clang, r-devel-linux-x86_64-fedora-gcc, r-devel-macos-x86_64-clang, r-devel-windows-ix86+x86_64, r-patched-linux-x86_64, r-patched-solaris-sparc, r-patched-solaris-x86, r-release-linux-x86_64, r-release-osx-x86_64-mavericks, r-release-windows-ix86+x86_64