Last updated on 2016-10-25 23:47:43.
Flavor | Version | Tinstall | Tcheck | Ttotal | Status | Flags |
---|---|---|---|---|---|---|
r-devel-linux-x86_64-debian-clang | 1.20.1 | 49.80 | 90.24 | 140.04 | OK | |
r-devel-linux-x86_64-debian-gcc | 1.20.1 | 52.90 | 88.78 | 141.68 | NOTE | |
r-devel-linux-x86_64-fedora-clang | 1.20.1 | 287.78 | OK | |||
r-devel-linux-x86_64-fedora-gcc | 1.20.1 | 275.51 | NOTE | |||
r-devel-windows-ix86+x86_64 | 1.20.1 | 172.00 | 196.00 | 368.00 | OK | |
r-patched-linux-x86_64 | 1.20.1 | 45.17 | 83.47 | 128.64 | OK | |
r-patched-solaris-sparc | 1.20.1 | 1429.80 | OK | |||
r-patched-solaris-x86 | 1.20.1 | 271.10 | OK | |||
r-release-linux-x86_64 | 1.20.1 | 43.99 | 83.82 | 127.81 | OK | |
r-release-osx-x86_64-mavericks | 1.20.1 | OK | ||||
r-release-windows-ix86+x86_64 | 1.20.1 | 130.00 | 156.00 | 286.00 | OK | |
r-oldrel-windows-ix86+x86_64 | 1.20.1 | 156.00 | 211.00 | 367.00 | OK |
Version: 1.20.1
Check: installed package size
Result: NOTE
installed size is 5.3Mb
sub-directories of 1Mb or more:
R 1.1Mb
libs 3.7Mb
Flavors: r-devel-linux-x86_64-debian-gcc, r-devel-linux-x86_64-fedora-gcc