CRAN Package Check Results for Package miscF

Last updated on 2016-10-25 23:47:43.

Flavor Version Tinstall Tcheck Ttotal Status Flags
r-devel-linux-x86_64-debian-clang 0.1-3 11.63 38.45 50.08 OK
r-devel-linux-x86_64-debian-gcc 0.1-3 12.73 38.52 51.24 OK
r-devel-linux-x86_64-fedora-clang 0.1-3 112.22 OK
r-devel-linux-x86_64-fedora-gcc 0.1-3 109.83 OK
r-devel-windows-ix86+x86_64 0.1-3 52.00 114.00 166.00 OK
r-patched-linux-x86_64 0.1-3 10.27 36.85 47.12 OK
r-patched-solaris-sparc 0.1-3 12.90 ERROR
r-patched-solaris-x86 0.1-3 2.60 ERROR
r-release-linux-x86_64 0.1-3 10.51 37.18 47.69 OK
r-release-osx-x86_64-mavericks 0.1-3 ERROR
r-release-windows-ix86+x86_64 0.1-3 37.00 88.00 125.00 OK
r-oldrel-windows-ix86+x86_64 0.1-3 59.00 129.00 188.00 OK

Check Details

Version: 0.1-3
Check: package dependencies
Result: ERROR
    Package required but not available: ‘BRugs’
    
    See section ‘The DESCRIPTION file’ in the ‘Writing R Extensions’
    manual.
Flavors: r-devel-macos-x86_64-clang, r-patched-solaris-sparc, r-patched-solaris-x86

Version: 0.1-3
Check: package dependencies
Result: ERROR
    Package required but not available: ‘BRugs’
    
    Package suggested but not available for checking: ‘mixAK’
    
    See section ‘The DESCRIPTION file’ in the ‘Writing R Extensions’
    manual.
Flavor: r-release-osx-x86_64-mavericks