CRAN Package Check Results for Package mistral

Last updated on 2016-10-25 23:47:43.

Flavor Version Tinstall Tcheck Ttotal Status Flags
r-devel-linux-x86_64-debian-clang 2.1.0 3.12 61.27 64.39 OK
r-devel-linux-x86_64-debian-gcc 2.1.0 3.36 59.89 63.25 OK
r-devel-linux-x86_64-fedora-clang 2.1.0 142.65 OK
r-devel-linux-x86_64-fedora-gcc 2.1.0 133.52 OK
r-devel-windows-ix86+x86_64 2.1.0 13.00 134.00 147.00 OK
r-patched-linux-x86_64 2.1.0 2.90 57.54 60.44 OK
r-patched-solaris-sparc 2.1.0 769.30 NOTE
r-patched-solaris-x86 2.1.0 154.30 NOTE
r-release-linux-x86_64 2.1.0 2.97 56.67 59.64 OK
r-release-osx-x86_64-mavericks 2.1.0 OK
r-release-windows-ix86+x86_64 2.1.0 8.00 110.00 118.00 OK
r-oldrel-windows-ix86+x86_64 2.1.0 15.00 159.00 174.00 OK

Check Details

Version: 2.1.0
Check: package dependencies
Result: NOTE
    Package suggested but not available for checking: ‘microbenchmark’
Flavors: r-patched-solaris-sparc, r-patched-solaris-x86