Last updated on 2016-10-25 23:47:44.
Flavor | Version | Tinstall | Tcheck | Ttotal | Status | Flags |
---|---|---|---|---|---|---|
r-devel-linux-x86_64-debian-clang | 1.0.7 | 8.48 | 121.85 | 130.33 | OK | |
r-devel-linux-x86_64-debian-gcc | 1.0.7 | 7.83 | 119.21 | 127.05 | OK | |
r-devel-linux-x86_64-fedora-clang | 1.0.8 | 251.41 | OK | |||
r-devel-linux-x86_64-fedora-gcc | 1.0.8 | 249.92 | OK | |||
r-devel-windows-ix86+x86_64 | 1.0.7 | 37.00 | 220.00 | 257.00 | WARN | |
r-patched-linux-x86_64 | 1.0.7 | 7.37 | 117.18 | 124.55 | OK | |
r-patched-solaris-sparc | 1.0.7 | 1256.00 | OK | |||
r-patched-solaris-x86 | 1.0.8 | 216.70 | OK | |||
r-release-linux-x86_64 | 1.0.7 | 7.27 | 115.70 | 122.98 | OK | |
r-release-osx-x86_64-mavericks | 1.0.7 | OK | ||||
r-release-windows-ix86+x86_64 | 1.0.7 | 25.00 | 224.00 | 249.00 | OK | |
r-oldrel-windows-ix86+x86_64 | 1.0.7 | 49.00 | 285.00 | 334.00 | OK |
Version: 1.0.7
Check: re-building of vignette outputs
Result: WARN
Error in re-building vignettes:
...
Loading required package: phytools
Loading required package: ape
Loading required package: maps
Loading required package: corpcor
Loading required package: subplex
##
## mvMORPH package (1.0.7)
## Multivariate evolutionary models
##
## See the tutorials: browseVignettes("mvMORPH")
##
## To cite package 'mvMORPH': citation("mvMORPH")
##
Done.
Efficient parameterization is not yet implemented for user-defined constraints
Please check the results carefully!!
At line 35 of file dcopy.f
Fortran runtime error: Index '2' of dimension 1 of array 'dy' above upper bound of 1
Flavor: r-devel-windows-ix86+x86_64