CRAN Package Check Results for Package npsm

Last updated on 2016-10-25 23:47:45.

Flavor Version Tinstall Tcheck Ttotal Status Flags
r-devel-linux-x86_64-debian-clang 0.5 1.12 18.87 19.99 NOTE
r-devel-linux-x86_64-debian-gcc 0.5 1.38 18.35 19.73 NOTE
r-devel-linux-x86_64-fedora-clang 0.5 35.15 NOTE
r-devel-linux-x86_64-fedora-gcc 0.5 32.83 NOTE
r-devel-windows-ix86+x86_64 0.5 7.00 57.00 64.00 NOTE
r-patched-linux-x86_64 0.5 1.12 17.00 18.12 NOTE
r-patched-solaris-sparc 0.5 501.30 NOTE
r-patched-solaris-x86 0.5 42.10 NOTE
r-release-linux-x86_64 0.5 1.21 17.29 18.49 NOTE
r-release-osx-x86_64-mavericks 0.5 NOTE
r-release-windows-ix86+x86_64 0.5 5.00 38.00 43.00 NOTE
r-oldrel-windows-ix86+x86_64 0.5 7.00 54.00 61.00 OK

Check Details

Version: 0.5
Check: S3 generic/method consistency
Result: NOTE
    Found the following apparent S3 methods exported but not registered:
     print.fkk.test print.hogg.test print.rank.test
    See section ‘Registering S3 methods’ in the ‘Writing R Extensions’
    manual.
Flavors: r-devel-linux-x86_64-debian-clang, r-devel-linux-x86_64-debian-gcc, r-devel-linux-x86_64-fedora-clang, r-devel-linux-x86_64-fedora-gcc, r-devel-macos-x86_64-clang, r-patched-linux-x86_64, r-patched-solaris-sparc, r-patched-solaris-x86, r-release-linux-x86_64

Version: 0.5
Check: R code for possible problems
Result: NOTE
    aligned.test: no visible global function definition for ‘model.matrix’
    aligned.test: no visible global function definition for ‘resid’
    aligned.test: no visible global function definition for ‘pchisq’
    cor.boot.ci: no visible global function definition for ‘quantile’
    cor.boot.ci : <anonymous>: no visible global function definition for
     ‘cor’
    fk.test: no visible global function definition for ‘new’
    fk.test : <anonymous>: no visible global function definition for
     ‘qnorm’
    fk.test : <anonymous>: no visible global function definition for
     ‘dnorm’
    fk.test: no visible global function definition for ‘median’
    fk.test: no visible global function definition for ‘var’
    fk.test: no visible global function definition for ‘pnorm’
    fk.test: no visible global function definition for ‘qt’
    fk.test: no visible global function definition for ‘coef’
    fkk.test: no visible global function definition for ‘new’
    fkk.test : <anonymous>: no visible global function definition for
     ‘qnorm’
    fkk.test : <anonymous>: no visible global function definition for
     ‘dnorm’
    fkk.test: no visible global function definition for ‘model.matrix’
    fkk.test: no visible global function definition for ‘median’
    fkk.test: no visible global function definition for ‘pchisq’
    fkk.test: no visible global function definition for ‘coef’
    fkk.test: no visible global function definition for ‘qt’
    fp.test: no visible global function definition for ‘var’
    fp.test: no visible global function definition for ‘pnorm’
    gehan.test: no visible global function definition for ‘var’
    gehan.test: no visible global function definition for ‘pnorm’
    hogg.test: no visible global function definition for ‘var’
    hogg.test: no visible global function definition for ‘pnorm’
    jonckheere: no visible global function definition for ‘pnorm’
    kancova: no visible global function definition for ‘pf’
    onecova: no visible global function definition for ‘pf’
    onecovaheter: no visible global function definition for ‘pf’
    onecovahomog: no visible global function definition for ‘pf’
    rank.test: no visible global function definition for ‘pnorm’
    rank.test: no visible global function definition for ‘coef’
    rank.test: no visible global function definition for ‘qt’
    rcn: no visible global function definition for ‘rnorm’
    vanElteren.test: no visible global function definition for ‘pnorm’
    Undefined global functions or variables:
     coef cor dnorm median model.matrix new pchisq pf pnorm qnorm qt
     quantile resid rnorm var
    Consider adding
     importFrom("methods", "new")
     importFrom("stats", "coef", "cor", "dnorm", "median", "model.matrix",
     "pchisq", "pf", "pnorm", "qnorm", "qt", "quantile", "resid",
     "rnorm", "var")
    to your NAMESPACE file (and ensure that your DESCRIPTION Imports field
    contains 'methods').
Flavors: r-devel-linux-x86_64-debian-clang, r-devel-linux-x86_64-debian-gcc, r-devel-linux-x86_64-fedora-clang, r-devel-linux-x86_64-fedora-gcc, r-devel-macos-x86_64-clang, r-devel-windows-ix86+x86_64, r-patched-linux-x86_64, r-patched-solaris-sparc, r-patched-solaris-x86, r-release-linux-x86_64, r-release-osx-x86_64-mavericks, r-release-windows-ix86+x86_64