CRAN Package Check Results for Package optigrab

Last updated on 2016-10-25 23:47:45.

Flavor Version Tinstall Tcheck Ttotal Status Flags
r-devel-linux-x86_64-debian-clang 0.7.3 0.82 14.21 15.04 WARN
r-devel-linux-x86_64-debian-gcc 0.7.3 0.83 14.17 15.01 WARN
r-devel-linux-x86_64-fedora-clang 0.7.3 26.14 WARN
r-devel-linux-x86_64-fedora-gcc 0.7.3 25.31 WARN
r-devel-windows-ix86+x86_64 0.7.3 4.00 45.00 49.00 WARN
r-patched-linux-x86_64 0.7.3 0.74 13.14 13.89 OK
r-patched-solaris-sparc 0.7.3 150.90 OK
r-patched-solaris-x86 0.7.3 34.20 OK
r-release-linux-x86_64 0.7.3 0.82 13.27 14.10 OK
r-release-osx-x86_64-mavericks 0.7.3 OK
r-release-windows-ix86+x86_64 0.7.3 4.00 54.00 58.00 OK
r-oldrel-windows-ix86+x86_64 0.7.3 6.00 41.00 47.00 OK

Check Details

Version: 0.7.3
Check: files in ‘vignettes’
Result: WARN
    Files in the 'vignettes' directory newer than all files in 'inst/doc':
     ‘coding-conventions.Rmd’, ‘optigrab.Rmd’
Flavors: r-devel-linux-x86_64-debian-clang, r-devel-linux-x86_64-debian-gcc, r-devel-linux-x86_64-fedora-clang, r-devel-linux-x86_64-fedora-gcc, r-devel-macos-x86_64-clang, r-devel-windows-ix86+x86_64