Last updated on 2016-10-25 23:47:46.
Flavor | Version | Tinstall | Tcheck | Ttotal | Status | Flags |
---|---|---|---|---|---|---|
r-devel-linux-x86_64-debian-clang | 0.3.1 | 0.85 | 19.26 | 20.11 | NOTE | |
r-devel-linux-x86_64-debian-gcc | 0.3.1 | 0.86 | 18.82 | 19.69 | NOTE | |
r-devel-linux-x86_64-fedora-clang | 0.3.1 | 35.66 | NOTE | |||
r-devel-linux-x86_64-fedora-gcc | 0.3.1 | 34.11 | NOTE | |||
r-devel-windows-ix86+x86_64 | 0.3.1 | 5.00 | 49.00 | 54.00 | NOTE | |
r-patched-linux-x86_64 | 0.3.1 | 0.83 | 17.63 | 18.46 | NOTE | |
r-patched-solaris-sparc | 0.3.1 | 202.40 | NOTE | |||
r-patched-solaris-x86 | 0.3.1 | 41.50 | NOTE | |||
r-release-linux-x86_64 | 0.3.1 | 0.80 | 17.44 | 18.24 | NOTE | |
r-release-osx-x86_64-mavericks | 0.3.1 | NOTE | ||||
r-release-windows-ix86+x86_64 | 0.3.1 | 3.00 | 39.00 | 42.00 | NOTE | |
r-oldrel-windows-ix86+x86_64 | 0.3.1 | 5.00 | 45.00 | 50.00 | NOTE |
Version: 0.3.1
Check: R code for possible problems
Result: NOTE
inertia.wwm: no visible global function definition for ‘cov.wt’
plot.parwwm: no visible global function definition for ‘palette’
plot.parwwm: no visible global function definition for ‘locator’
plot.parwwm: no visible global function definition for ‘plot.default’
plot.parwwm: no visible global function definition for ‘abline’
plot.parwwm: no visible global function definition for ‘points’
plot.parwwm: no visible global function definition for ‘text’
plot.parwwm: no visible global function definition for ‘segments’
Undefined global functions or variables:
abline cov.wt locator palette plot.default points segments text
Consider adding
importFrom("grDevices", "palette")
importFrom("graphics", "abline", "locator", "plot.default", "points",
"segments", "text")
importFrom("stats", "cov.wt")
to your NAMESPACE file.
Flavors: r-devel-linux-x86_64-debian-clang, r-devel-linux-x86_64-debian-gcc, r-devel-linux-x86_64-fedora-clang, r-devel-linux-x86_64-fedora-gcc, r-devel-macos-x86_64-clang, r-devel-windows-ix86+x86_64, r-patched-linux-x86_64, r-patched-solaris-sparc, r-patched-solaris-x86, r-release-linux-x86_64, r-release-osx-x86_64-mavericks, r-release-windows-ix86+x86_64
Version: 0.3.1
Check: data for non-ASCII characters
Result: NOTE
Note: found 34 marked UTF-8 strings
Flavors: r-devel-linux-x86_64-fedora-clang, r-devel-linux-x86_64-fedora-gcc, r-devel-macos-x86_64-clang, r-patched-solaris-sparc, r-patched-solaris-x86, r-release-osx-x86_64-mavericks, r-oldrel-windows-ix86+x86_64