Last updated on 2016-10-25 23:47:46.
Flavor | Version | Tinstall | Tcheck | Ttotal | Status | Flags |
---|---|---|---|---|---|---|
r-devel-linux-x86_64-debian-clang | 0.2.0 | 1.41 | 38.77 | 40.18 | NOTE | |
r-devel-linux-x86_64-debian-gcc | 0.2.0 | 1.49 | 37.82 | 39.31 | NOTE | |
r-devel-linux-x86_64-fedora-clang | 0.2.0 | 68.96 | NOTE | |||
r-devel-linux-x86_64-fedora-gcc | 0.2.0 | 66.58 | NOTE | |||
r-devel-windows-ix86+x86_64 | 0.2.0 | 8.00 | 85.00 | 93.00 | NOTE | |
r-patched-linux-x86_64 | 0.2.0 | 1.36 | 36.63 | 37.99 | NOTE | |
r-patched-solaris-sparc | 0.2.0 | 416.90 | NOTE | |||
r-patched-solaris-x86 | 0.2.0 | 81.10 | NOTE | |||
r-release-linux-x86_64 | 0.2.0 | 1.25 | 36.40 | 37.65 | NOTE | |
r-release-osx-x86_64-mavericks | 0.2.0 | NOTE | ||||
r-release-windows-ix86+x86_64 | 0.2.0 | 4.00 | 62.00 | 66.00 | NOTE | |
r-oldrel-windows-ix86+x86_64 | 0.2.0 | 9.00 | 87.00 | 96.00 | OK |
Version: 0.2.0
Check: R code for possible problems
Result: NOTE
hasMethod: no visible global function definition for ‘getS3method’
Undefined global functions or variables:
getS3method
Consider adding
importFrom("utils", "getS3method")
to your NAMESPACE file.
Flavors: r-devel-linux-x86_64-debian-clang, r-devel-linux-x86_64-debian-gcc, r-devel-linux-x86_64-fedora-clang, r-devel-linux-x86_64-fedora-gcc, r-devel-macos-x86_64-clang, r-devel-windows-ix86+x86_64, r-patched-linux-x86_64, r-patched-solaris-sparc, r-patched-solaris-x86, r-release-linux-x86_64, r-release-osx-x86_64-mavericks, r-release-windows-ix86+x86_64