CRAN Package Check Results for Package phangorn

Last updated on 2016-10-25 23:47:47.

Flavor Version Tinstall Tcheck Ttotal Status Flags
r-devel-linux-x86_64-debian-clang 2.0.4 17.49 139.42 156.91 OK
r-devel-linux-x86_64-debian-gcc 2.0.4 16.99 138.51 155.50 OK
r-devel-linux-x86_64-fedora-clang 2.0.4 320.27 OK
r-devel-linux-x86_64-fedora-gcc 2.0.4 298.37 OK
r-devel-windows-ix86+x86_64 2.0.4 51.00 347.00 398.00 OK
r-patched-linux-x86_64 2.0.4 15.51 131.65 147.16 OK
r-patched-solaris-sparc 2.0.4 1200.60 OK --no-vignettes
r-patched-solaris-x86 2.0.4 334.90 OK
r-release-linux-x86_64 2.0.4 14.59 135.26 149.85 OK
r-release-osx-x86_64-mavericks 2.0.4 NOTE
r-release-windows-ix86+x86_64 2.0.4 37.00 261.00 298.00 OK
r-oldrel-windows-ix86+x86_64 2.0.4 52.00 395.00 447.00 OK

Check Details

Version: 2.0.4
Check: dependencies in R code
Result: NOTE
    Invalid MIT-MAGIC-COOKIE-1 key
Flavor: r-release-osx-x86_64-mavericks