CRAN Package Check Results for Package plotly

Last updated on 2016-10-25 23:47:47.

Flavor Version Tinstall Tcheck Ttotal Status Flags
r-devel-linux-x86_64-debian-clang 4.5.2 2.47 79.35 81.82 OK
r-devel-linux-x86_64-debian-gcc 4.5.2 2.16 73.51 75.67 OK
r-devel-linux-x86_64-fedora-clang 4.5.2 146.33 OK
r-devel-linux-x86_64-fedora-gcc 4.5.2 141.83 OK
r-devel-windows-ix86+x86_64 4.5.2 13.00 174.00 187.00 OK
r-patched-linux-x86_64 4.5.2 2.50 71.94 74.44 OK
r-patched-solaris-sparc 4.5.2 821.80 NOTE
r-patched-solaris-x86 4.5.2 163.90 NOTE
r-release-linux-x86_64 4.5.2 2.26 76.04 78.30 OK
r-release-osx-x86_64-mavericks 4.5.2 OK
r-release-windows-ix86+x86_64 4.5.2 9.00 136.00 145.00 OK
r-oldrel-windows-ix86+x86_64 4.5.2 20.00 168.00 188.00 OK

Check Details

Version: 4.5.2
Check: package dependencies
Result: NOTE
    Package suggested but not available for checking: ‘Rserve’
Flavors: r-patched-solaris-sparc, r-patched-solaris-x86