CRAN Package Check Results for Package polyCub

Last updated on 2016-10-25 23:47:47.

Flavor Version Tinstall Tcheck Ttotal Status Flags
r-devel-linux-x86_64-debian-clang 0.5-2 3.18 42.45 45.64 NOTE
r-devel-linux-x86_64-debian-gcc 0.5-2 3.48 41.67 45.15 NOTE
r-devel-linux-x86_64-fedora-clang 0.5-2 103.15 NOTE
r-devel-linux-x86_64-fedora-gcc 0.5-2 100.55 NOTE
r-devel-windows-ix86+x86_64 0.5-2 13.00 126.00 139.00 NOTE
r-patched-linux-x86_64 0.5-2 3.43 40.25 43.69 NOTE
r-patched-solaris-sparc 0.5-2 550.90 NOTE
r-patched-solaris-x86 0.5-2 122.30 NOTE
r-release-linux-x86_64 0.5-2 3.34 41.04 44.38 NOTE
r-release-osx-x86_64-mavericks 0.5-2 NOTE
r-release-windows-ix86+x86_64 0.5-2 10.00 100.00 110.00 NOTE
r-oldrel-windows-ix86+x86_64 0.5-2 19.00 130.00 149.00 NOTE

Check Details

Version: 0.5-2
Check: R code for possible problems
Result: NOTE
    polyCub.exact.Gauss: no visible binding for global variable ‘lines’
    Undefined global functions or variables:
     lines
    Consider adding
     importFrom("graphics", "lines")
    to your NAMESPACE file.
Flavors: r-devel-linux-x86_64-debian-clang, r-devel-linux-x86_64-debian-gcc, r-devel-linux-x86_64-fedora-clang, r-devel-linux-x86_64-fedora-gcc, r-devel-macos-x86_64-clang, r-devel-windows-ix86+x86_64, r-patched-linux-x86_64, r-patched-solaris-sparc, r-patched-solaris-x86, r-release-linux-x86_64, r-release-osx-x86_64-mavericks, r-release-windows-ix86+x86_64

Version: 0.5-2
Check: package dependencies
Result: NOTE
    Package suggested but not available for checking: 'gpclib'
Flavor: r-oldrel-windows-ix86+x86_64

Version: 0.5-2
Check: Rd cross-references
Result: NOTE
    Package unavailable to check Rd xrefs: 'gpclib'
Flavor: r-oldrel-windows-ix86+x86_64