CRAN Package Check Results for Package popprxl

Last updated on 2016-10-25 23:47:47.

Flavor Version Tinstall Tcheck Ttotal Status Flags
r-devel-linux-x86_64-debian-clang 0.1.2 5.41 58.65 64.05 OK
r-devel-linux-x86_64-debian-gcc 0.1.2 5.35 58.34 63.68 OK
r-devel-linux-x86_64-fedora-clang 0.1.2 151.60 OK
r-devel-linux-x86_64-fedora-gcc 0.1.2 145.88 OK
r-devel-windows-ix86+x86_64 0.1.2 25.00 143.00 168.00 OK
r-patched-linux-x86_64 0.1.2 5.40 58.37 63.77 OK
r-patched-solaris-sparc 0.1.2 821.60 ERROR
r-patched-solaris-x86 0.1.2 188.20 OK
r-release-linux-x86_64 0.1.2 5.12 59.11 64.23 OK
r-release-osx-x86_64-mavericks 0.1.2 OK
r-release-windows-ix86+x86_64 0.1.2 16.00 163.00 179.00 OK
r-oldrel-windows-ix86+x86_64 0.1.2 24.00 149.00 173.00 OK

Check Details

Version: 0.1.2
Check: tests
Result: ERROR
    Running the tests in ‘tests/testthat.R’ failed.
    Last 13 lines of output:
     > test_check("popprxl")
     1. Error: Geographic data can be imported (@test-import.R#34) ------------------
     Number of samples (Row 1, Column B) is not numeric.
     I found: NA
     1: read.genalexcel(geox, sheet = 1, geo = TRUE, genclone = FALSE) at testthat/test-import.R:34
     2: stop(msg)
    
     testthat results ================================================================
     OK: 8 SKIPPED: 0 FAILED: 1
     1. Error: Geographic data can be imported (@test-import.R#34)
    
     Error: testthat unit tests failed
     Execution halted
Flavor: r-patched-solaris-sparc