CRAN Package Check Results for Package popsom

Last updated on 2016-10-25 23:47:47.

Flavor Version Tinstall Tcheck Ttotal Status Flags
r-devel-linux-x86_64-debian-clang 4.0.1 1.79 20.99 22.78 WARN
r-devel-linux-x86_64-debian-gcc 4.0.1 2.06 20.98 23.04 WARN
r-devel-linux-x86_64-fedora-clang 4.0.1 43.45 WARN
r-devel-linux-x86_64-fedora-gcc 4.0.1 41.92 WARN
r-devel-windows-ix86+x86_64 4.0.1 13.00 68.00 81.00 WARN
r-patched-linux-x86_64 4.0.1 1.91 20.09 22.00 OK
r-patched-solaris-sparc 4.0.1 241.40 OK
r-patched-solaris-x86 4.0.1 49.70 OK
r-release-linux-x86_64 4.0.1 1.82 19.80 21.62 OK
r-release-osx-x86_64-mavericks 4.0.1 OK
r-release-windows-ix86+x86_64 4.0.1 8.00 73.00 81.00 OK
r-oldrel-windows-ix86+x86_64 4.0.1 16.00 71.00 87.00 OK

Check Details

Version: 4.0.1
Check: whether package can be installed
Result: WARN
    Found the following significant warnings:
     Warning: GNU Extension: Nonstandard type declaration REAL*4 at (1)
Flavors: r-devel-linux-x86_64-debian-clang, r-devel-linux-x86_64-debian-gcc, r-devel-linux-x86_64-fedora-clang, r-devel-linux-x86_64-fedora-gcc, r-devel-macos-x86_64-clang, r-devel-windows-ix86+x86_64