CRAN Package Check Results for Package pseval

Last updated on 2016-10-25 23:47:48.

Flavor Version Tinstall Tcheck Ttotal Status Flags
r-devel-linux-x86_64-debian-clang 1.3.0 0.85 524.03 524.88 NOTE
r-devel-linux-x86_64-debian-gcc 1.3.0 0.87 489.21 490.08 NOTE
r-devel-linux-x86_64-fedora-clang 1.3.0 774.49 NOTE
r-devel-linux-x86_64-fedora-gcc 1.3.0 717.93 NOTE
r-devel-windows-ix86+x86_64 1.3.0 8.00 606.00 614.00 NOTE
r-patched-linux-x86_64 1.3.0 0.78 470.88 471.67 NOTE
r-patched-solaris-sparc 1.3.0 3678.70 NOTE
r-patched-solaris-x86 1.3.0 692.60 NOTE
r-release-linux-x86_64 1.3.0 0.88 471.83 472.71 NOTE
r-release-osx-x86_64-mavericks 1.3.0 NOTE
r-release-windows-ix86+x86_64 1.3.0 3.00 586.00 589.00 NOTE
r-oldrel-windows-ix86+x86_64 1.3.0 7.00 733.00 740.00 NOTE

Check Details

Version: 1.3.0
Check: package dependencies
Result: NOTE
    Package suggested but not available for checking: ‘printr’
Flavors: r-devel-linux-x86_64-debian-clang, r-devel-linux-x86_64-debian-gcc, r-devel-linux-x86_64-fedora-clang, r-devel-linux-x86_64-fedora-gcc, r-devel-macos-x86_64-clang, r-devel-windows-ix86+x86_64, r-patched-linux-x86_64, r-patched-solaris-sparc, r-patched-solaris-x86, r-release-linux-x86_64, r-release-osx-x86_64-mavericks, r-release-windows-ix86+x86_64, r-oldrel-windows-ix86+x86_64