Last updated on 2016-10-25 23:47:48.
Flavor | Version | Tinstall | Tcheck | Ttotal | Status | Flags |
---|---|---|---|---|---|---|
r-devel-linux-x86_64-debian-clang | 0.1.0 | 0.74 | 13.51 | 14.25 | OK | |
r-devel-linux-x86_64-debian-gcc | 0.1.0 | 0.69 | 13.21 | 13.90 | OK | |
r-devel-linux-x86_64-fedora-clang | 0.1.0 | 25.01 | OK | |||
r-devel-linux-x86_64-fedora-gcc | 0.1.0 | 23.07 | OK | |||
r-devel-windows-ix86+x86_64 | 0.1.0 | 4.00 | 39.00 | 43.00 | WARN | |
r-patched-linux-x86_64 | 0.1.0 | 0.60 | 12.17 | 12.77 | OK | |
r-patched-solaris-sparc | 0.1.0 | 141.30 | OK | |||
r-patched-solaris-x86 | 0.1.0 | 31.00 | OK | |||
r-release-linux-x86_64 | 0.1.0 | 0.61 | 12.17 | 12.78 | OK | |
r-release-osx-x86_64-mavericks | 0.1.0 | OK | ||||
r-release-windows-ix86+x86_64 | 0.1.0 | 3.00 | 49.00 | 52.00 | WARN | |
r-oldrel-windows-ix86+x86_64 | 0.1.0 | 4.00 | 39.00 | 43.00 | NOTE |
Version: 0.1.0
Check: re-building of vignette outputs
Result: WARN
Error in re-building vignettes:
...
Quitting from lines 110-111 (orthography_processing.Rmd)
Error: processing vignette 'orthography_processing.Rmd' failed with diagnostics:
undefined columns selected
Execution halted
Flavors: r-devel-windows-ix86+x86_64, r-release-windows-ix86+x86_64
Version: 0.1.0
Check: re-building of vignette outputs
Result: NOTE
Error in re-building vignettes:
...
Quitting from lines 110-111 (orthography_processing.Rmd)
Error: processing vignette 'orthography_processing.Rmd' failed with diagnostics:
undefined columns selected
Execution halted
Flavor: r-oldrel-windows-ix86+x86_64