Last updated on 2016-10-25 23:47:48.
Flavor | Version | Tinstall | Tcheck | Ttotal | Status | Flags |
---|---|---|---|---|---|---|
r-devel-linux-x86_64-debian-clang | 0.2-4 | 50.01 | 40.05 | 90.06 | NOTE | |
r-devel-linux-x86_64-debian-gcc | 0.2-4 | 54.66 | 38.60 | 93.25 | NOTE | |
r-devel-linux-x86_64-fedora-clang | 0.2-4 | 192.49 | NOTE | |||
r-devel-linux-x86_64-fedora-gcc | 0.2-4 | 190.07 | NOTE | |||
r-devel-windows-ix86+x86_64 | 0.2-4 | 182.00 | 114.00 | 296.00 | NOTE | |
r-patched-linux-x86_64 | 0.2-4 | 46.08 | 36.82 | 82.90 | NOTE | |
r-patched-solaris-sparc | 0.2-4 | 955.70 | NOTE | |||
r-patched-solaris-x86 | 0.2-4 | 187.40 | NOTE | |||
r-release-linux-x86_64 | 0.2-4 | 44.88 | 36.87 | 81.75 | NOTE | |
r-release-osx-x86_64-mavericks | 0.2-4 | NOTE | ||||
r-release-windows-ix86+x86_64 | 0.2-4 | 152.00 | 89.00 | 241.00 | NOTE | |
r-oldrel-windows-ix86+x86_64 | 0.2-4 | 168.00 | 126.00 | 294.00 | NOTE |
Version: 0.2-4
Check: installed package size
Result: NOTE
installed size is 6.2Mb
sub-directories of 1Mb or more:
libs 5.8Mb
Flavors: r-devel-linux-x86_64-debian-clang, r-devel-linux-x86_64-debian-gcc, r-devel-linux-x86_64-fedora-clang, r-devel-linux-x86_64-fedora-gcc, r-patched-linux-x86_64, r-release-linux-x86_64, r-release-osx-x86_64-mavericks
Version: 0.2-4
Check: R code for possible problems
Result: NOTE
crossval: no visible global function definition for ‘modifyList’
stability: no visible global function definition for ‘modifyList’
stability : bloc.stability: no visible global function definition for
‘runif’
plot,cvpen: no visible binding for global variable ‘lambda1’
plot,cvpen: no visible binding for global variable ‘lambda2’
plot,cvpen: no visible global function definition for ‘quantile’
plot,cvpen: no visible binding for global variable ‘serr’
plot,cvpen: no visible binding for global variable ‘xval’
plot,cvpen: no visible binding for global variable ‘lambda.choice’
plot,quadrupen: no visible binding for global variable ‘coefficients’
plot,quadrupen: no visible binding for global variable ‘variables’
plot,quadrupen: no visible binding for global variable ‘var’
plot,quadrupen: no visible binding for global variable ‘coef’
plot,stability.path: no visible binding for global variable ‘variables’
plot,stability.path: no visible binding for global variable ‘var’
Undefined global functions or variables:
coef coefficients lambda.choice lambda1 lambda2 modifyList quantile
runif serr var variables xval
Consider adding
importFrom("stats", "coef", "coefficients", "quantile", "runif", "var")
importFrom("utils", "modifyList")
to your NAMESPACE file.
Flavors: r-devel-linux-x86_64-debian-clang, r-devel-linux-x86_64-debian-gcc, r-devel-linux-x86_64-fedora-clang, r-devel-linux-x86_64-fedora-gcc, r-devel-macos-x86_64-clang, r-devel-windows-ix86+x86_64, r-patched-linux-x86_64, r-patched-solaris-sparc, r-patched-solaris-x86, r-release-linux-x86_64, r-release-osx-x86_64-mavericks, r-release-windows-ix86+x86_64
Version: 0.2-4
Check: R code for possible problems
Result: NOTE
plot,cvpen : .local: no visible binding for global variable 'lambda1'
plot,cvpen : .local: no visible binding for global variable 'lambda2'
plot,cvpen : .local: no visible binding for global variable 'serr'
plot,cvpen : .local: no visible binding for global variable 'xval'
plot,cvpen : .local: no visible binding for global variable
'lambda.choice'
plot,quadrupen : .local: no visible binding for global variable
'variables'
plot,stability.path : .local: no visible binding for global variable
'variables'
Flavor: r-oldrel-windows-ix86+x86_64