CRAN Package Check Results for Package quantmod

Last updated on 2016-10-25 23:47:48.

Flavor Version Tinstall Tcheck Ttotal Status Flags
r-devel-linux-x86_64-debian-clang 0.4-6 1.90 45.37 47.27 NOTE
r-devel-linux-x86_64-debian-gcc 0.4-6 2.14 43.51 45.64 NOTE
r-devel-linux-x86_64-fedora-clang 0.4-7 88.14 OK
r-devel-linux-x86_64-fedora-gcc 0.4-7 85.29 OK
r-devel-windows-ix86+x86_64 0.4-6 10.00 101.00 111.00 OK
r-patched-linux-x86_64 0.4-6 1.70 42.65 44.35 NOTE
r-patched-solaris-sparc 0.4-7 490.10 NOTE
r-patched-solaris-x86 0.4-7 86.70 NOTE
r-release-linux-x86_64 0.4-6 1.79 41.96 43.75 NOTE
r-release-osx-x86_64-mavericks 0.4-7 OK
r-release-windows-ix86+x86_64 0.4-7 7.00 73.00 80.00 OK
r-oldrel-windows-ix86+x86_64 0.4-7 11.00 95.00 106.00 OK

Check Details

Version: 0.4-6
Check: R code for possible problems
Result: NOTE
    Found the following calls to attach():
    File ‘quantmod/R/attachSymbols.R’:
     attach(NULL, pos = pos, name = DB$name)
     attach(NULL, pos = pos, name = DB$name)
    See section ‘Good practice’ in ‘?attach’.
Flavors: r-devel-linux-x86_64-debian-clang, r-devel-linux-x86_64-debian-gcc, r-patched-linux-x86_64, r-release-linux-x86_64

Version: 0.4-7
Check: package dependencies
Result: NOTE
    Package suggested but not available for checking: ‘RMySQL’
Flavors: r-patched-solaris-sparc, r-patched-solaris-x86