CRAN Package Check Results for Package quipu

Last updated on 2016-10-25 23:47:48.

Flavor Version Tinstall Tcheck Ttotal Status Flags
r-devel-linux-x86_64-debian-clang 1.9.0 3.27 44.22 47.49 NOTE
r-devel-linux-x86_64-debian-gcc 1.9.0 3.36 41.68 45.04 NOTE
r-devel-linux-x86_64-fedora-clang 1.9.0 107.66 NOTE
r-devel-linux-x86_64-fedora-gcc 1.9.0 104.29 NOTE
r-devel-windows-ix86+x86_64 1.9.0 14.00 132.00 146.00 NOTE
r-patched-linux-x86_64 1.9.0 3.25 41.37 44.62 NOTE
r-patched-solaris-sparc 1.9.0 552.60 NOTE
r-patched-solaris-x86 1.9.0 126.00 NOTE
r-release-linux-x86_64 1.9.0 3.48 40.65 44.13 NOTE
r-release-osx-x86_64-mavericks 1.9.0 NOTE
r-release-windows-ix86+x86_64 1.9.0 9.00 84.00 93.00 NOTE
r-oldrel-windows-ix86+x86_64 1.9.0 15.00 125.00 140.00 OK

Check Details

Version: 1.9.0
Check: R code for possible problems
Result: NOTE
    draw_legend: no visible global function definition for ‘legend’
    draw_legend: no visible global function definition for ‘par’
    draw_nodes: no visible global function definition for ‘lines’
    draw_nodes: no visible global function definition for ‘points’
    draw_nodes: no visible global function definition for ‘text’
    draw_vertical_lines: no visible global function definition for ‘lines’
    draw_vertical_lines: no visible global function definition for ‘abline’
    layout_large_plot: no visible global function definition for ‘par’
    layout_large_plot: no visible global function definition for ‘mtext’
    layout_large_plot: no visible global function definition for ‘axis’
    layout_large_plot: no visible global function definition for ‘lines’
    layout_small_plot: no visible global function definition for ‘par’
    rquipu: no visible global function definition for ‘colors’
    rquipu: no visible global function definition for ‘jpeg’
    rquipu: no visible global function definition for ‘png’
    rquipu: no visible global function definition for ‘dev.off’
    Undefined global functions or variables:
     abline axis colors dev.off jpeg legend lines mtext par png points
     text
    Consider adding
     importFrom("grDevices", "colors", "dev.off", "jpeg", "png")
     importFrom("graphics", "abline", "axis", "legend", "lines", "mtext",
     "par", "points", "text")
    to your NAMESPACE file.
Flavors: r-devel-linux-x86_64-debian-clang, r-devel-linux-x86_64-debian-gcc, r-devel-linux-x86_64-fedora-clang, r-devel-linux-x86_64-fedora-gcc, r-devel-macos-x86_64-clang, r-devel-windows-ix86+x86_64, r-patched-linux-x86_64, r-patched-solaris-sparc, r-patched-solaris-x86, r-release-linux-x86_64, r-release-osx-x86_64-mavericks, r-release-windows-ix86+x86_64