Last updated on 2016-10-25 23:47:49.
Flavor | Version | Tinstall | Tcheck | Ttotal | Status | Flags |
---|---|---|---|---|---|---|
r-devel-linux-x86_64-debian-clang | 2.3.0 | 8.65 | 36.69 | 45.34 | OK | |
r-devel-linux-x86_64-debian-gcc | 2.3.0 | 9.23 | 34.98 | 44.22 | OK | |
r-devel-linux-x86_64-fedora-clang | 2.3.0 | 78.88 | OK | |||
r-devel-linux-x86_64-fedora-gcc | 2.3.0 | 78.61 | OK | |||
r-devel-windows-ix86+x86_64 | 2.3.0 | 42.00 | 92.00 | 134.00 | OK | |
r-patched-linux-x86_64 | 2.3.0 | 8.66 | 34.43 | 43.09 | OK | |
r-patched-solaris-sparc | 2.3.0 | 447.80 | WARN | |||
r-patched-solaris-x86 | 2.3.0 | 99.90 | WARN | |||
r-release-linux-x86_64 | 2.3.0 | 8.72 | 33.35 | 42.07 | OK | |
r-release-osx-x86_64-mavericks | 2.3.0 | OK | ||||
r-release-windows-ix86+x86_64 | 2.3.0 | 32.00 | 67.00 | 99.00 | OK | |
r-oldrel-windows-ix86+x86_64 | 2.3.0 | 37.00 | 89.00 | 126.00 | OK |
Version: 2.3.0
Check: whether package can be installed
Result: WARN
Found the following significant warnings:
"randomForestSRC.c", line 11243: warning: improper pointer/integer combination: arg #2
Flavors: r-patched-solaris-sparc, r-patched-solaris-x86