Last updated on 2016-10-25 23:47:49.
Flavor | Version | Tinstall | Tcheck | Ttotal | Status | Flags |
---|---|---|---|---|---|---|
r-devel-linux-x86_64-debian-clang | 2.5-8 | 53.05 | 149.18 | 202.24 | OK | |
r-devel-linux-x86_64-debian-gcc | 2.5-8 | 52.09 | 147.93 | 200.03 | NOTE | |
r-devel-linux-x86_64-fedora-clang | 2.5-8 | 371.66 | OK | |||
r-devel-linux-x86_64-fedora-gcc | 2.5-8 | 346.72 | NOTE | |||
r-devel-windows-ix86+x86_64 | 2.5-8 | 189.00 | 350.00 | 539.00 | NOTE | |
r-patched-linux-x86_64 | 2.5-8 | 45.05 | 135.63 | 180.68 | NOTE | |
r-patched-solaris-sparc | 2.5-8 | 2006.10 | OK | |||
r-patched-solaris-x86 | 2.5-8 | 354.60 | OK | |||
r-release-linux-x86_64 | 2.5-8 | 44.27 | 137.86 | 182.13 | NOTE | |
r-release-osx-x86_64-mavericks | 2.5-8 | NOTE | ||||
r-release-windows-ix86+x86_64 | 2.5-8 | 140.00 | 272.00 | 412.00 | NOTE | |
r-oldrel-windows-ix86+x86_64 | 2.5-8 | 184.00 | 388.00 | 572.00 | NOTE |
Memtest notes: clang-UBSAN
Version: 2.5-8
Check: installed package size
Result: NOTE
installed size is 5.5Mb
sub-directories of 1Mb or more:
R 2.3Mb
libs 1.6Mb
Flavors: r-devel-linux-x86_64-debian-gcc, r-devel-linux-x86_64-fedora-gcc, r-devel-windows-ix86+x86_64, r-patched-linux-x86_64, r-release-linux-x86_64, r-release-windows-ix86+x86_64, r-oldrel-windows-ix86+x86_64
Version: 2.5-8
Check: dependencies in R code
Result: NOTE
Invalid MIT-MAGIC-COOKIE-1 key
Flavor: r-release-osx-x86_64-mavericks