Last updated on 2016-10-25 23:47:50.
Flavor | Version | Tinstall | Tcheck | Ttotal | Status | Flags |
---|---|---|---|---|---|---|
r-devel-linux-x86_64-debian-clang | 1.1 | 121.41 | 17.05 | 138.46 | NOTE | |
r-devel-linux-x86_64-debian-gcc | 1.1 | 133.23 | 17.15 | 150.38 | NOTE | |
r-devel-linux-x86_64-fedora-clang | 1.1 | 289.87 | NOTE | |||
r-devel-linux-x86_64-fedora-gcc | 1.1 | 280.49 | NOTE | |||
r-devel-windows-ix86+x86_64 | 1.1 | 473.00 | 52.00 | 525.00 | OK | |
r-patched-linux-x86_64 | 1.1 | 104.86 | 15.87 | 120.73 | NOTE | |
r-patched-solaris-sparc | 1.1 | 1372.80 | OK | |||
r-patched-solaris-x86 | 1.1 | 234.90 | OK | |||
r-release-linux-x86_64 | 1.1 | 105.25 | 15.66 | 120.91 | NOTE | |
r-release-osx-x86_64-mavericks | 1.1 | NOTE | ||||
r-release-windows-ix86+x86_64 | 1.1 | 374.00 | 68.00 | 442.00 | OK | |
r-oldrel-windows-ix86+x86_64 | 1.1 | 446.00 | 73.00 | 519.00 | OK |
Version: 1.1
Check: installed package size
Result: NOTE
installed size is 8.0Mb
sub-directories of 1Mb or more:
libs 7.6Mb
Flavors: r-devel-linux-x86_64-debian-clang, r-devel-linux-x86_64-debian-gcc, r-devel-linux-x86_64-fedora-clang, r-devel-linux-x86_64-fedora-gcc, r-patched-linux-x86_64, r-release-linux-x86_64, r-release-osx-x86_64-mavericks