Last updated on 2016-10-25 23:47:50.
Flavor | Version | Tinstall | Tcheck | Ttotal | Status | Flags |
---|---|---|---|---|---|---|
r-devel-linux-x86_64-debian-clang | 0.1.2 | 5.37 | 46.60 | 51.97 | OK | |
r-devel-linux-x86_64-debian-gcc | 0.1.2 | 5.24 | 44.59 | 49.83 | OK | |
r-devel-linux-x86_64-fedora-clang | 0.1.2 | 103.48 | NOTE | |||
r-devel-linux-x86_64-fedora-gcc | 0.1.2 | 99.97 | NOTE | |||
r-devel-windows-ix86+x86_64 | 0.1.2 | 18.00 | 107.00 | 125.00 | OK | |
r-patched-linux-x86_64 | 0.1.2 | 4.95 | 42.86 | 47.81 | OK | |
r-patched-solaris-sparc | 0.1.2 | 545.60 | NOTE | |||
r-patched-solaris-x86 | 0.1.2 | 127.60 | NOTE | |||
r-release-linux-x86_64 | 0.1.2 | 4.94 | 43.01 | 47.96 | OK | |
r-release-osx-x86_64-mavericks | 0.1.2 | NOTE | ||||
r-release-windows-ix86+x86_64 | 0.1.2 | 12.00 | 76.00 | 88.00 | OK | |
r-oldrel-windows-ix86+x86_64 | 0.1.2 | 20.00 | 104.00 | 124.00 | NOTE |
Version: 0.1.2
Check: dependencies in R code
Result: NOTE
Namespaces in Imports field not imported from:
‘igraph’ ‘rJava’
All declared Imports should be used.
Flavors: r-devel-linux-x86_64-fedora-clang, r-devel-linux-x86_64-fedora-gcc, r-devel-macos-x86_64-clang, r-patched-solaris-sparc, r-patched-solaris-x86, r-release-osx-x86_64-mavericks, r-oldrel-windows-ix86+x86_64