CRAN Package Check Results for Package reshape2

Last updated on 2016-10-25 23:47:50.

Flavor Version Tinstall Tcheck Ttotal Status Flags
r-devel-linux-x86_64-debian-clang 1.4.2 7.97 17.37 25.34 OK
r-devel-linux-x86_64-debian-gcc 1.4.2 8.03 16.35 24.38 OK
r-devel-linux-x86_64-fedora-clang 1.4.2 45.73 OK
r-devel-linux-x86_64-fedora-gcc 1.4.2 43.22 OK
r-devel-windows-ix86+x86_64 1.4.2 34.00 61.00 95.00 OK
r-patched-linux-x86_64 1.4.1 7.15 15.36 22.50 NOTE
r-patched-solaris-sparc 1.4.2 251.60 OK
r-patched-solaris-x86 1.4.2 54.00 OK
r-release-linux-x86_64 1.4.2 7.13 15.04 22.18 OK
r-release-osx-x86_64-mavericks 1.4.2 OK
r-release-windows-ix86+x86_64 1.4.2 27.00 69.00 96.00 OK
r-oldrel-windows-ix86+x86_64 1.4.2 38.00 64.00 102.00 OK

Check Details

Version: 1.4.1
Check: DESCRIPTION meta-information
Result: NOTE
    Malformed Title field: should not end in a period.
Flavor: r-patched-linux-x86_64

Version: 1.4.1
Check: R code for possible problems
Result: NOTE
    colsplit: no visible binding for global variable ‘type.convert’
    melt.array : var.convert: no visible global function definition for
     ‘type.convert’
    melt.array: no visible global function definition for ‘setNames’
    melt.default: no visible global function definition for ‘setNames’
    melt.matrix : var.convert: no visible global function definition for
     ‘type.convert’
    melt.matrix: no visible global function definition for ‘setNames’
    melt.table : var.convert: no visible global function definition for
     ‘type.convert’
    melt.table: no visible global function definition for ‘setNames’
    Undefined global functions or variables:
     setNames type.convert
    Consider adding
     importFrom("stats", "setNames")
     importFrom("utils", "type.convert")
    to your NAMESPACE file.
Flavor: r-patched-linux-x86_64