Last updated on 2016-10-25 23:47:51.
Flavor | Version | Tinstall | Tcheck | Ttotal | Status | Flags |
---|---|---|---|---|---|---|
r-devel-linux-x86_64-debian-clang | 1.1-10 | 10.21 | 63.24 | 73.45 | OK | |
r-devel-linux-x86_64-debian-gcc | 1.1-10 | 10.10 | 62.28 | 72.39 | OK | |
r-devel-linux-x86_64-fedora-clang | 1.1-10 | 99.56 | OK | |||
r-devel-linux-x86_64-fedora-gcc | 1.1-10 | 93.11 | OK | |||
r-devel-windows-ix86+x86_64 | 1.1-10 | 65.00 | 154.00 | 219.00 | WARN | |
r-patched-linux-x86_64 | 1.1-10 | 7.93 | 60.79 | 68.72 | OK | |
r-patched-solaris-sparc | 1.1-10 | 604.60 | OK | |||
r-patched-solaris-x86 | 1.1-10 | 122.50 | OK | |||
r-release-linux-x86_64 | 1.1-10 | 8.00 | 60.44 | 68.43 | OK | |
r-release-osx-x86_64-mavericks | 1.1-10 | NOTE | ||||
r-release-windows-ix86+x86_64 | 1.1-10 | 42.00 | 116.00 | 158.00 | NOTE | |
r-oldrel-windows-ix86+x86_64 | 1.1-10 | 55.00 | 263.00 | 318.00 | NOTE |
Memtest notes: valgrind
Version: 1.1-10
Check: installed package size
Result: NOTE
installed size is 20.6Mb
sub-directories of 1Mb or more:
libs 18.0Mb
pictures 1.3Mb
Flavors: r-devel-macos-x86_64-clang, r-devel-windows-ix86+x86_64, r-release-osx-x86_64-mavericks, r-release-windows-ix86+x86_64, r-oldrel-windows-ix86+x86_64
Version: 1.1-10
Check: whether package can be installed
Result: WARN
Found the following significant warnings:
d:/Compiler/gcc-4.9.3/local330/include/cpl_port.h:227:14: warning: ISO C++ 1998 does not support 'long long' [-Wlong-long]
d:/Compiler/gcc-4.9.3/local330/include/cpl_port.h:228:23: warning: ISO C++ 1998 does not support 'long long' [-Wlong-long]
Flavor: r-devel-windows-ix86+x86_64