Last updated on 2016-10-25 23:47:51.
Flavor | Version | Tinstall | Tcheck | Ttotal | Status | Flags |
---|---|---|---|---|---|---|
r-devel-linux-x86_64-debian-clang | 2.1.21 | 12.97 | 20.62 | 33.59 | OK | |
r-devel-linux-x86_64-debian-gcc | 2.1.21 | 10.81 | 19.59 | 30.39 | OK | |
r-devel-linux-x86_64-fedora-clang | 2.1.21 | 59.56 | OK | |||
r-devel-linux-x86_64-fedora-gcc | 2.1.21 | 51.45 | OK | |||
r-devel-windows-ix86+x86_64 | 2.1.21 | 99.00 | 80.00 | 179.00 | OK | |
r-patched-linux-x86_64 | 2.1.21 | 10.10 | 18.47 | 28.57 | OK | |
r-release-linux-x86_64 | 2.1.21 | 9.55 | 18.57 | 28.12 | OK | |
r-release-osx-x86_64-mavericks | 2.1.21 | ERROR | ||||
r-release-windows-ix86+x86_64 | 2.1.21 | 90.00 | 78.00 | 168.00 | OK | |
r-oldrel-windows-ix86+x86_64 | 2.1.21 | 190.00 | 73.00 | 263.00 | OK |
Version: 2.1.21
Check: whether package can be installed
Result: ERROR
Installation failed.
Flavor: r-release-osx-x86_64-mavericks