Last updated on 2016-10-25 23:47:51.
Flavor | Version | Tinstall | Tcheck | Ttotal | Status | Flags |
---|---|---|---|---|---|---|
r-devel-linux-x86_64-debian-clang | 0.6.0 | 80.84 | 15.66 | 96.50 | NOTE | |
r-devel-linux-x86_64-debian-gcc | 0.6.0 | 96.94 | 14.29 | 111.23 | NOTE | |
r-devel-linux-x86_64-fedora-clang | 0.6.0 | 221.58 | NOTE | |||
r-devel-linux-x86_64-fedora-gcc | 0.6.0 | 210.68 | NOTE | |||
r-devel-windows-ix86+x86_64 | 0.6.0 | 302.00 | 55.00 | 357.00 | OK | |
r-patched-linux-x86_64 | 0.6.0 | 85.70 | 13.77 | 99.48 | NOTE | |
r-patched-solaris-sparc | 0.6.0 | 925.50 | OK | |||
r-patched-solaris-x86 | 0.6.0 | 179.50 | OK | |||
r-release-linux-x86_64 | 0.6.0 | 85.28 | 13.70 | 98.98 | NOTE | |
r-release-osx-x86_64-mavericks | 0.6.0 | NOTE | ||||
r-release-windows-ix86+x86_64 | 0.6.0 | 252.00 | 54.00 | 306.00 | OK | |
r-oldrel-windows-ix86+x86_64 | 0.6.0 | 290.00 | 64.00 | 354.00 | OK |
Version: 0.6.0
Check: installed package size
Result: NOTE
installed size is 18.1Mb
sub-directories of 1Mb or more:
libs 17.8Mb
Flavors: r-devel-linux-x86_64-debian-clang, r-devel-linux-x86_64-debian-gcc, r-devel-linux-x86_64-fedora-clang, r-devel-linux-x86_64-fedora-gcc, r-patched-linux-x86_64, r-release-linux-x86_64, r-release-osx-x86_64-mavericks